Last updated on 2024-07-27 15:50:14 CEST.
Flavor | Version | Tinstall | Tcheck | Ttotal | Status | Flags |
---|---|---|---|---|---|---|
r-devel-linux-x86_64-debian-clang | 1.6.0 | 4.95 | 92.66 | 97.61 | OK | |
r-devel-linux-x86_64-debian-gcc | 1.6.0 | OK | ||||
r-devel-linux-x86_64-fedora-clang | 1.6.0 | 120.84 | NOTE | |||
r-devel-linux-x86_64-fedora-gcc | 1.6.0 | 115.14 | NOTE | |||
r-devel-windows-x86_64 | 1.6.0 | 5.00 | 142.00 | 147.00 | OK | |
r-patched-linux-x86_64 | 1.6.0 | OK | ||||
r-release-linux-x86_64 | 1.6.0 | 4.09 | 87.22 | 91.31 | OK | |
r-release-macos-arm64 | 1.6.0 | 38.00 | OK | |||
r-release-macos-x86_64 | 1.6.0 | 89.00 | OK | |||
r-release-windows-x86_64 | 1.6.0 | 6.00 | 142.00 | 148.00 | OK | |
r-oldrel-macos-arm64 | 1.6.0 | 57.00 | OK | |||
r-oldrel-macos-x86_64 | 1.6.0 | 133.00 | OK | |||
r-oldrel-windows-x86_64 | 1.6.0 | 5.00 | 151.00 | 156.00 | OK |
Version: 1.6.0
Check: data for non-ASCII characters
Result: NOTE
Note: found 140280 marked UTF-8 strings
Flavors: r-devel-linux-x86_64-fedora-clang, r-devel-linux-x86_64-fedora-gcc
These binaries (installable software) and packages are in development.
They may not be fully stable and should be used with caution. We make no claims about them.