Last updated on 2025-11-12 23:50:40 CET.
| Flavor | Version | Tinstall | Tcheck | Ttotal | Status | Flags |
|---|---|---|---|---|---|---|
| r-devel-linux-x86_64-debian-clang | 4.0.0 | 13.00 | 53.47 | 66.47 | NOTE | |
| r-devel-linux-x86_64-debian-gcc | 4.0.0 | 11.91 | 40.61 | 52.52 | NOTE | |
| r-devel-linux-x86_64-fedora-clang | 4.0.0 | 41.00 | 65.56 | 106.56 | OK | |
| r-devel-linux-x86_64-fedora-gcc | 4.0.0 | 38.00 | 64.71 | 102.71 | OK | |
| r-devel-windows-x86_64 | 4.0.0 | 21.00 | 80.00 | 101.00 | OK | |
| r-patched-linux-x86_64 | 4.0.0 | 15.61 | 50.97 | 66.58 | OK | |
| r-release-linux-x86_64 | 4.0.0 | 16.86 | 50.66 | 67.52 | OK | |
| r-release-macos-arm64 | 4.0.0 | 9.00 | 34.00 | 43.00 | OK | |
| r-release-macos-x86_64 | 4.0.0 | 11.00 | 48.00 | 59.00 | OK | |
| r-release-windows-x86_64 | 4.0.0 | 19.00 | 77.00 | 96.00 | OK | |
| r-oldrel-macos-arm64 | 4.0.0 | 7.00 | 26.00 | 33.00 | OK | |
| r-oldrel-macos-x86_64 | 4.0.0 | 10.00 | 38.00 | 48.00 | OK | |
| r-oldrel-windows-x86_64 | 4.0.0 | 23.00 | 95.00 | 118.00 | OK |
Version: 4.0.0
Check: CRAN incoming feasibility
Result: NOTE
Maintainer: ‘Anna Neufeld <aneufeld@fredhutch.org>’
The Description field contains
<arXiv:2307.12985>. Intended for turning a matrix of single-cell RNA
Please refer to arXiv e-prints via their arXiv DOI <doi:10.48550/arXiv.YYMM.NNNNN>.
Flavors: r-devel-linux-x86_64-debian-clang, r-devel-linux-x86_64-debian-gcc
These binaries (installable software) and packages are in development.
They may not be fully stable and should be used with caution. We make no claims about them.