Last updated on 2025-05-07 15:49:13 CEST.
Flavor | Version | Tinstall | Tcheck | Ttotal | Status | Flags |
---|---|---|---|---|---|---|
r-devel-linux-x86_64-debian-clang | 4.0.0 | 14.61 | 51.77 | 66.38 | NOTE | |
r-devel-linux-x86_64-debian-gcc | 4.0.0 | 11.39 | 39.64 | 51.03 | NOTE | |
r-devel-linux-x86_64-fedora-clang | 4.0.0 | 109.92 | OK | |||
r-devel-linux-x86_64-fedora-gcc | 4.0.0 | 111.55 | OK | |||
r-devel-windows-x86_64 | 4.0.0 | 19.00 | 80.00 | 99.00 | OK | |
r-patched-linux-x86_64 | 4.0.0 | 16.32 | 49.74 | 66.06 | OK | |
r-release-linux-x86_64 | 4.0.0 | 15.24 | 49.02 | 64.26 | OK | |
r-release-macos-arm64 | 4.0.0 | 43.00 | OK | |||
r-release-macos-x86_64 | 4.0.0 | 59.00 | OK | |||
r-release-windows-x86_64 | 4.0.0 | 19.00 | 80.00 | 99.00 | OK | |
r-oldrel-macos-arm64 | 4.0.0 | 33.00 | OK | |||
r-oldrel-macos-x86_64 | 4.0.0 | 48.00 | OK | |||
r-oldrel-windows-x86_64 | 4.0.0 | 23.00 | 100.00 | 123.00 | OK |
Version: 4.0.0
Check: CRAN incoming feasibility
Result: NOTE
Maintainer: ‘Anna Neufeld <aneufeld@fredhutch.org>’
The Description field contains
<arXiv:2307.12985>. Intended for turning a matrix of single-cell RNA
Please refer to arXiv e-prints via their arXiv DOI <doi:10.48550/arXiv.YYMM.NNNNN>.
Flavors: r-devel-linux-x86_64-debian-clang, r-devel-linux-x86_64-debian-gcc
These binaries (installable software) and packages are in development.
They may not be fully stable and should be used with caution. We make no claims about them.