CRAN Package Check Results for Package covBM

Last updated on 2025-05-22 06:51:42 CEST.

Flavor Version Tinstall Tcheck Ttotal Status Flags
r-devel-linux-x86_64-debian-clang 0.1.0 3.10 43.53 46.63 OK
r-devel-linux-x86_64-debian-gcc 0.1.0 2.39 31.76 34.15 OK
r-devel-linux-x86_64-fedora-clang 0.1.0 70.36 NOTE
r-devel-linux-x86_64-fedora-gcc 0.1.0 84.76 NOTE
r-devel-windows-x86_64 0.1.0 6.00 108.00 114.00 OK
r-patched-linux-x86_64 0.1.0 2.75 41.29 44.04 OK
r-release-linux-x86_64 0.1.0 2.54 41.16 43.70 OK
r-release-macos-arm64 0.1.0 46.00 OK
r-release-macos-x86_64 0.1.0 64.00 OK
r-release-windows-x86_64 0.1.0 7.00 126.00 133.00 OK
r-oldrel-macos-arm64 0.1.0 32.00 OK
r-oldrel-macos-x86_64 0.1.0 51.00 OK
r-oldrel-windows-x86_64 0.1.0 8.00 89.00 97.00 OK

Check Details

Version: 0.1.0
Check: compiled code
Result: NOTE File ‘covBM/libs/covBM.so’: Found no calls to: ‘R_registerRoutines’, ‘R_useDynamicSymbols’ It is good practice to register native routines and to disable symbol search. See ‘Writing portable packages’ in the ‘Writing R Extensions’ manual. Flavors: r-devel-linux-x86_64-fedora-clang, r-devel-linux-x86_64-fedora-gcc

These binaries (installable software) and packages are in development.
They may not be fully stable and should be used with caution. We make no claims about them.