Last updated on 2025-07-01 11:49:16 CEST.
Flavor | Version | Tinstall | Tcheck | Ttotal | Status | Flags |
---|---|---|---|---|---|---|
r-devel-linux-x86_64-debian-clang | 0.1 | 1.82 | 18.77 | 20.59 | NOTE | |
r-devel-linux-x86_64-debian-gcc | 0.1 | 1.51 | 15.61 | 17.12 | NOTE | |
r-devel-linux-x86_64-fedora-clang | 0.1 | 31.61 | OK | |||
r-devel-linux-x86_64-fedora-gcc | 0.1 | 29.13 | OK | |||
r-devel-windows-x86_64 | 0.1 | 3.00 | 39.00 | 42.00 | OK | |
r-patched-linux-x86_64 | OK | |||||
r-release-linux-x86_64 | 0.1 | 1.59 | 17.58 | 19.17 | OK | |
r-release-macos-arm64 | 0.1 | 18.00 | OK | |||
r-release-macos-x86_64 | 0.1 | 23.00 | OK | |||
r-release-windows-x86_64 | 0.1 | 3.00 | 40.00 | 43.00 | OK | |
r-oldrel-macos-arm64 | 0.1 | 13.00 | OK | |||
r-oldrel-macos-x86_64 | 0.1 | 21.00 | OK | |||
r-oldrel-windows-x86_64 | 0.1 | 3.00 | 37.00 | 40.00 | OK |
Version: 0.1
Check: CRAN incoming feasibility
Result: NOTE
Maintainer: ‘Peter Hoff <peter.hoff@duke.edu>’
The Description field contains
McCormack and Zhang (2022) <arXiv:2207.12484> "Core Shrinkage
Please refer to arXiv e-prints via their arXiv DOI <doi:10.48550/arXiv.YYMM.NNNNN>.
Flavors: r-devel-linux-x86_64-debian-clang, r-devel-linux-x86_64-debian-gcc
These binaries (installable software) and packages are in development.
They may not be fully stable and should be used with caution. We make no claims about them.