Last updated on 2025-02-16 10:50:43 CET.
Flavor | Version | Tinstall | Tcheck | Ttotal | Status | Flags |
---|---|---|---|---|---|---|
r-devel-linux-x86_64-debian-clang | 0.1.4 | 113.53 | 31.84 | 145.37 | NOTE | |
r-devel-linux-x86_64-debian-gcc | 0.1.4 | 76.51 | 24.27 | 100.78 | NOTE | |
r-devel-linux-x86_64-fedora-clang | 0.1.4 | 294.20 | NOTE | |||
r-devel-linux-x86_64-fedora-gcc | 0.1.4 | 296.98 | NOTE | |||
r-devel-macos-arm64 | 0.1.4 | 64.00 | NOTE | |||
r-devel-macos-x86_64 | 0.1.4 | 99.00 | NOTE | |||
r-devel-windows-x86_64 | 0.1.4 | 119.00 | 76.00 | 195.00 | NOTE | |
r-patched-linux-x86_64 | 0.1.4 | 107.58 | 29.36 | 136.94 | NOTE | |
r-release-linux-x86_64 | 0.1.4 | 107.89 | 29.86 | 137.75 | NOTE | |
r-release-macos-arm64 | 0.1.4 | 64.00 | NOTE | |||
r-release-macos-x86_64 | 0.1.4 | 64.00 | NOTE | |||
r-release-windows-x86_64 | 0.1.4 | 121.00 | 78.00 | 199.00 | NOTE | |
r-oldrel-macos-arm64 | 0.1.4 | 82.00 | NOTE | |||
r-oldrel-macos-x86_64 | 0.1.4 | 119.00 | NOTE | |||
r-oldrel-windows-x86_64 | 0.1.4 | 149.00 | 99.00 | 248.00 | NOTE |
Version: 0.1.4
Check: C++ specification
Result: NOTE
Specified C++11: please drop specification unless essential
Flavors: r-devel-linux-x86_64-debian-clang, r-devel-linux-x86_64-debian-gcc, r-devel-linux-x86_64-fedora-clang, r-devel-linux-x86_64-fedora-gcc, r-devel-macos-arm64, r-devel-macos-x86_64, r-devel-windows-x86_64, r-patched-linux-x86_64, r-release-linux-x86_64, r-release-macos-arm64, r-release-macos-x86_64, r-release-windows-x86_64, r-oldrel-macos-arm64, r-oldrel-macos-x86_64, r-oldrel-windows-x86_64
Version: 0.1.4
Check: LazyData
Result: NOTE
'LazyData' is specified without a 'data' directory
Flavors: r-patched-linux-x86_64, r-release-linux-x86_64, r-release-macos-arm64, r-release-macos-x86_64, r-release-windows-x86_64, r-oldrel-macos-arm64, r-oldrel-macos-x86_64, r-oldrel-windows-x86_64
These binaries (installable software) and packages are in development.
They may not be fully stable and should be used with caution. We make no claims about them.