Last updated on 2025-02-16 10:50:43 CET.
Flavor | Version | Tinstall | Tcheck | Ttotal | Status | Flags |
---|---|---|---|---|---|---|
r-devel-linux-x86_64-debian-clang | 1.2.3 | 16.93 | 84.62 | 101.55 | OK | |
r-devel-linux-x86_64-debian-gcc | 1.2.3 | 12.04 | 60.08 | 72.12 | OK | |
r-devel-linux-x86_64-fedora-clang | 1.2.3 | 180.65 | NOTE | |||
r-devel-linux-x86_64-fedora-gcc | 1.2.3 | 156.70 | NOTE | |||
r-devel-macos-arm64 | 1.2.3 | 47.00 | OK | |||
r-devel-macos-x86_64 | 1.2.3 | 99.00 | OK | |||
r-devel-windows-x86_64 | 1.2.3 | 18.00 | 98.00 | 116.00 | OK | |
r-patched-linux-x86_64 | 1.2.3 | 15.92 | 78.68 | 94.60 | OK | |
r-release-linux-x86_64 | 1.2.3 | 17.42 | 79.81 | 97.23 | OK | |
r-release-macos-arm64 | 1.2.3 | 45.00 | OK | |||
r-release-macos-x86_64 | 1.2.3 | 72.00 | OK | |||
r-release-windows-x86_64 | 1.2.3 | 19.00 | 96.00 | 115.00 | OK | |
r-oldrel-macos-arm64 | 1.2.3 | 42.00 | OK | |||
r-oldrel-macos-x86_64 | 1.2.3 | 121.00 | OK | |||
r-oldrel-windows-x86_64 | 1.2.3 | 23.00 | 118.00 | 141.00 | OK |
Version: 1.2.3
Check: dependencies in R code
Result: NOTE
Namespace in Imports field not imported from: ‘gstat’
All declared Imports should be used.
Flavors: r-devel-linux-x86_64-fedora-clang, r-devel-linux-x86_64-fedora-gcc
These binaries (installable software) and packages are in development.
They may not be fully stable and should be used with caution. We make no claims about them.