Last updated on 2025-10-03 05:53:28 CEST.
Flavor | Version | Tinstall | Tcheck | Ttotal | Status | Flags |
---|---|---|---|---|---|---|
r-devel-linux-x86_64-debian-clang | 1.2.4 | 15.44 | 87.00 | 102.44 | OK | |
r-devel-linux-x86_64-debian-gcc | 1.2.4 | 11.19 | 59.93 | 71.12 | OK | |
r-devel-linux-x86_64-fedora-clang | 1.2.4 | 176.57 | NOTE | |||
r-devel-linux-x86_64-fedora-gcc | 1.2.4 | 162.96 | NOTE | |||
r-devel-windows-x86_64 | 1.2.4 | 18.00 | 96.00 | 114.00 | OK | |
r-patched-linux-x86_64 | 1.2.4 | 15.83 | 83.57 | 99.40 | OK | |
r-release-linux-x86_64 | 1.2.4 | 15.99 | 82.34 | 98.33 | OK | |
r-release-macos-arm64 | 1.2.4 | 42.00 | OK | |||
r-release-macos-x86_64 | 1.2.4 | 137.00 | OK | |||
r-release-windows-x86_64 | 1.2.4 | 17.00 | 97.00 | 114.00 | OK | |
r-oldrel-macos-arm64 | 1.2.4 | 47.00 | OK | |||
r-oldrel-macos-x86_64 | 1.2.4 | 91.00 | OK | |||
r-oldrel-windows-x86_64 | 1.2.4 | 26.00 | 112.00 | 138.00 | OK |
Version: 1.2.4
Check: dependencies in R code
Result: NOTE
Namespace in Imports field not imported from: ‘gstat’
All declared Imports should be used.
Flavors: r-devel-linux-x86_64-fedora-clang, r-devel-linux-x86_64-fedora-gcc
These binaries (installable software) and packages are in development.
They may not be fully stable and should be used with caution. We make no claims about them.