Last updated on 2025-05-01 08:52:30 CEST.
Flavor | Version | Tinstall | Tcheck | Ttotal | Status | Flags |
---|---|---|---|---|---|---|
r-devel-linux-x86_64-debian-clang | 1.0.6 | 3.84 | 309.00 | 312.84 | NOTE | |
r-devel-linux-x86_64-debian-gcc | 1.0.6 | 3.51 | 205.62 | 209.13 | OK | |
r-devel-linux-x86_64-fedora-clang | 1.0.6 | 521.11 | OK | |||
r-devel-linux-x86_64-fedora-gcc | 1.0.6 | 508.29 | OK | |||
r-devel-windows-x86_64 | 1.0.6 | 8.00 | 299.00 | 307.00 | OK | |
r-patched-linux-x86_64 | 1.0.6 | 4.63 | 290.17 | 294.80 | OK | |
r-release-linux-x86_64 | OK | |||||
r-release-macos-arm64 | 1.0.6 | 139.00 | OK | |||
r-release-macos-x86_64 | 1.0.6 | 261.00 | OK | |||
r-release-windows-x86_64 | 1.0.6 | 8.00 | 304.00 | 312.00 | OK | |
r-oldrel-macos-arm64 | 1.0.6 | 142.00 | OK | |||
r-oldrel-macos-x86_64 | 1.0.6 | 319.00 | OK | |||
r-oldrel-windows-x86_64 | 1.0.6 | 7.00 | 398.00 | 405.00 | OK |
Version: 1.0.6
Check: examples
Result: NOTE
Examples with CPU (user + system) or elapsed time > 5s
user system elapsed
forest_plot 4.196 0.12 6.09
Flavor: r-devel-linux-x86_64-debian-clang
These binaries (installable software) and packages are in development.
They may not be fully stable and should be used with caution. We make no claims about them.