Last updated on 2024-07-27 15:50:14 CEST.
Flavor | Version | Tinstall | Tcheck | Ttotal | Status | Flags |
---|---|---|---|---|---|---|
r-devel-linux-x86_64-debian-clang | 0.1.0 | 73.25 | 57.51 | 130.76 | OK | |
r-devel-linux-x86_64-debian-gcc | 0.1.0 | OK | ||||
r-devel-linux-x86_64-fedora-clang | 0.1.0 | 178.77 | NOTE | |||
r-devel-linux-x86_64-fedora-gcc | 0.1.0 | 176.67 | NOTE | |||
r-devel-windows-x86_64 | 0.1.0 | 67.00 | 63.00 | 130.00 | OK | |
r-patched-linux-x86_64 | 0.1.0 | OK | ||||
r-release-linux-x86_64 | 0.1.0 | 55.89 | 52.41 | 108.30 | OK | |
r-release-macos-arm64 | 0.1.0 | 70.00 | NOTE | |||
r-release-macos-x86_64 | 0.1.0 | 84.00 | NOTE | |||
r-release-windows-x86_64 | 0.1.0 | 67.00 | 61.00 | 128.00 | OK | |
r-oldrel-macos-arm64 | 0.1.0 | 81.00 | NOTE | |||
r-oldrel-macos-x86_64 | 0.1.0 | 115.00 | NOTE | |||
r-oldrel-windows-x86_64 | 0.1.0 | 83.00 | 67.00 | 150.00 | OK |
Version: 0.1.0
Check: data for non-ASCII characters
Result: NOTE
Note: found 1934235 marked UTF-8 strings
Flavors: r-devel-linux-x86_64-fedora-clang, r-devel-linux-x86_64-fedora-gcc
Version: 0.1.0
Check: installed package size
Result: NOTE
installed size is 5.6Mb
sub-directories of 1Mb or more:
data 5.5Mb
Flavors: r-release-macos-arm64, r-release-macos-x86_64, r-oldrel-macos-arm64, r-oldrel-macos-x86_64
These binaries (installable software) and packages are in development.
They may not be fully stable and should be used with caution. We make no claims about them.