CRAN Package Check Results for Package covid19india

Last updated on 2025-07-04 11:50:23 CEST.

Flavor Version Tinstall Tcheck Ttotal Status Flags
r-devel-linux-x86_64-debian-clang 0.1.4 14.01 100.63 114.64 NOTE
r-devel-linux-x86_64-debian-gcc 0.1.4 9.61 73.00 82.61 NOTE
r-devel-linux-x86_64-fedora-clang 0.1.4 188.95 NOTE
r-devel-linux-x86_64-fedora-gcc 0.1.4 176.41 NOTE
r-devel-windows-x86_64 0.1.4 15.00 106.00 121.00 OK
r-patched-linux-x86_64 0.1.4 13.56 93.83 107.39 OK
r-release-linux-x86_64 0.1.4 12.35 92.30 104.65 OK
r-release-macos-arm64 0.1.4 49.00 OK
r-release-macos-x86_64 0.1.4 86.00 OK
r-release-windows-x86_64 0.1.4 13.00 105.00 118.00 OK
r-oldrel-macos-arm64 0.1.4 45.00 OK
r-oldrel-macos-x86_64 0.1.4 80.00 OK
r-oldrel-windows-x86_64 0.1.4 22.00 130.00 152.00 OK

Check Details

Version: 0.1.4
Check: CRAN incoming feasibility
Result: NOTE Maintainer: ‘Max Salvatore <mmsalva@umich.edu>’ Found the following (possibly) invalid file URI: URI: twitter.com/MaxSalTweets From: README.md Flavors: r-devel-linux-x86_64-debian-clang, r-devel-linux-x86_64-debian-gcc

Version: 0.1.4
Check: dependencies in R code
Result: NOTE Namespaces in Imports field not imported from: ‘httr’ ‘stringr’ All declared Imports should be used. Flavors: r-devel-linux-x86_64-fedora-clang, r-devel-linux-x86_64-fedora-gcc

These binaries (installable software) and packages are in development.
They may not be fully stable and should be used with caution. We make no claims about them.