Last updated on 2025-02-19 16:50:44 CET.
Flavor | Version | Tinstall | Tcheck | Ttotal | Status | Flags |
---|---|---|---|---|---|---|
r-devel-linux-x86_64-debian-clang | 0.1.2 | 4.28 | 31.75 | 36.03 | OK | |
r-devel-linux-x86_64-debian-gcc | 0.1.2 | 2.51 | 24.71 | 27.22 | OK | |
r-devel-linux-x86_64-fedora-clang | 0.1.2 | 58.36 | NOTE | |||
r-devel-linux-x86_64-fedora-gcc | 0.1.2 | 70.08 | NOTE | |||
r-devel-macos-arm64 | 0.1.2 | 31.00 | OK | |||
r-devel-macos-x86_64 | 0.1.2 | 51.00 | OK | |||
r-devel-windows-x86_64 | 0.1.2 | 7.00 | 56.00 | 63.00 | OK | |
r-patched-linux-x86_64 | 0.1.2 | 4.02 | 30.74 | 34.76 | OK | |
r-release-linux-x86_64 | 0.1.2 | 3.60 | 30.26 | 33.86 | OK | |
r-release-macos-arm64 | 0.1.2 | 31.00 | OK | |||
r-release-macos-x86_64 | 0.1.2 | 42.00 | OK | |||
r-release-windows-x86_64 | 0.1.2 | 7.00 | 56.00 | 63.00 | OK | |
r-oldrel-macos-arm64 | 0.1.2 | 33.00 | OK | |||
r-oldrel-macos-x86_64 | 0.1.2 | 41.00 | OK | |||
r-oldrel-windows-x86_64 | 0.1.2 | 9.00 | 89.00 | 98.00 | OK |
Version: 0.1.2
Check: dependencies in R code
Result: NOTE
Namespaces in Imports field not imported from:
‘mapview’ ‘plotly’
All declared Imports should be used.
Flavors: r-devel-linux-x86_64-fedora-clang, r-devel-linux-x86_64-fedora-gcc
These binaries (installable software) and packages are in development.
They may not be fully stable and should be used with caution. We make no claims about them.