CRAN Package Check Results for Package covid19sf

Last updated on 2025-05-08 04:52:02 CEST.

Flavor Version Tinstall Tcheck Ttotal Status Flags
r-devel-linux-x86_64-debian-clang 0.1.2 4.09 33.96 38.05 OK
r-devel-linux-x86_64-debian-gcc 0.1.2 2.88 26.67 29.55 OK
r-devel-linux-x86_64-fedora-clang 0.1.2 60.33 NOTE
r-devel-linux-x86_64-fedora-gcc 0.1.2 71.71 NOTE
r-devel-windows-x86_64 0.1.2 6.00 56.00 62.00 OK
r-patched-linux-x86_64 0.1.2 4.47 31.67 36.14 OK
r-release-linux-x86_64 0.1.2 4.12 31.31 35.43 OK
r-release-macos-arm64 0.1.2 26.00 OK
r-release-macos-x86_64 0.1.2 51.00 OK
r-release-windows-x86_64 0.1.2 8.00 57.00 65.00 OK
r-oldrel-macos-arm64 0.1.2 31.00 OK
r-oldrel-macos-x86_64 0.1.2 42.00 OK
r-oldrel-windows-x86_64 0.1.2 9.00 62.00 71.00 OK

Check Details

Version: 0.1.2
Check: dependencies in R code
Result: NOTE Namespaces in Imports field not imported from: ‘mapview’ ‘plotly’ All declared Imports should be used. Flavors: r-devel-linux-x86_64-fedora-clang, r-devel-linux-x86_64-fedora-gcc

These binaries (installable software) and packages are in development.
They may not be fully stable and should be used with caution. We make no claims about them.