CRAN Package Check Results for Package covid19sf

Last updated on 2025-07-02 05:50:13 CEST.

Flavor Version Tinstall Tcheck Ttotal Status Flags
r-devel-linux-x86_64-debian-clang 0.1.2 3.77 34.15 37.92 OK
r-devel-linux-x86_64-debian-gcc 0.1.2 2.25 27.11 29.36 OK
r-devel-linux-x86_64-fedora-clang 0.1.2 57.96 NOTE
r-devel-linux-x86_64-fedora-gcc 0.1.2 67.17 NOTE
r-devel-windows-x86_64 0.1.2 7.00 59.00 66.00 OK
r-patched-linux-x86_64 OK
r-release-linux-x86_64 0.1.2 3.58 31.74 35.32 OK
r-release-macos-arm64 0.1.2 26.00 OK
r-release-macos-x86_64 0.1.2 51.00 OK
r-release-windows-x86_64 0.1.2 8.00 56.00 64.00 OK
r-oldrel-macos-arm64 0.1.2 31.00 OK
r-oldrel-macos-x86_64 0.1.2 42.00 OK
r-oldrel-windows-x86_64 0.1.2 8.00 64.00 72.00 OK

Check Details

Version: 0.1.2
Check: dependencies in R code
Result: NOTE Namespaces in Imports field not imported from: ‘mapview’ ‘plotly’ All declared Imports should be used. Flavors: r-devel-linux-x86_64-fedora-clang, r-devel-linux-x86_64-fedora-gcc

These binaries (installable software) and packages are in development.
They may not be fully stable and should be used with caution. We make no claims about them.