Last updated on 2025-05-01 14:49:07 CEST.
Flavor | Version | Tinstall | Tcheck | Ttotal | Status | Flags |
---|---|---|---|---|---|---|
r-devel-linux-x86_64-debian-clang | 1.1.0 | 2.76 | 56.46 | 59.22 | NOTE | |
r-devel-linux-x86_64-debian-gcc | 1.1.0 | 2.05 | 39.34 | 41.39 | OK | |
r-devel-linux-x86_64-fedora-clang | 1.1.0 | 93.19 | OK | |||
r-devel-linux-x86_64-fedora-gcc | 1.1.0 | 103.60 | OK | |||
r-devel-windows-x86_64 | 1.1.0 | 4.00 | 82.00 | 86.00 | OK | |
r-patched-linux-x86_64 | 1.1.0 | 2.85 | 52.82 | 55.67 | OK | |
r-release-linux-x86_64 | OK | |||||
r-release-macos-arm64 | 1.1.0 | 54.00 | OK | |||
r-release-macos-x86_64 | 1.1.0 | 127.00 | OK | |||
r-release-windows-x86_64 | 1.1.0 | 4.00 | 91.00 | 95.00 | OK | |
r-oldrel-macos-arm64 | 1.1.0 | 36.00 | OK | |||
r-oldrel-macos-x86_64 | 1.1.0 | 80.00 | OK | |||
r-oldrel-windows-x86_64 | 1.1.0 | 5.00 | 93.00 | 98.00 | OK |
Version: 1.1.0
Check: examples
Result: NOTE
Examples with CPU (user + system) or elapsed time > 5s
user system elapsed
rPLSIM 5.895 0.181 8.074
Flavor: r-devel-linux-x86_64-debian-clang
These binaries (installable software) and packages are in development.
They may not be fully stable and should be used with caution. We make no claims about them.