Last updated on 2025-05-28 21:50:02 CEST.
Flavor | Version | Tinstall | Tcheck | Ttotal | Status | Flags |
---|---|---|---|---|---|---|
r-devel-linux-x86_64-debian-clang | 0.0.1 | 3.28 | 148.20 | 151.48 | OK | |
r-devel-linux-x86_64-debian-gcc | 0.0.1 | 2.49 | 107.31 | 109.80 | OK | |
r-devel-linux-x86_64-fedora-clang | 0.0.1 | 236.44 | OK | |||
r-devel-linux-x86_64-fedora-gcc | 0.0.1 | 229.35 | NOTE | |||
r-devel-windows-x86_64 | 0.0.1 | 5.00 | 196.00 | 201.00 | OK | |
r-patched-linux-x86_64 | 0.0.1 | 3.31 | 143.82 | 147.13 | OK | |
r-release-linux-x86_64 | 0.0.1 | 3.13 | 139.88 | 143.01 | OK | |
r-release-macos-arm64 | 0.0.1 | 81.00 | OK | |||
r-release-macos-x86_64 | 0.0.1 | 175.00 | OK | |||
r-release-windows-x86_64 | 0.0.1 | 4.00 | 232.00 | 236.00 | OK | |
r-oldrel-macos-arm64 | 0.0.1 | 99.00 | OK | |||
r-oldrel-macos-x86_64 | 0.0.1 | 235.00 | OK | |||
r-oldrel-windows-x86_64 | 0.0.1 | 5.00 | 241.00 | 246.00 | OK |
Version: 0.0.1
Check: for non-standard things in the check directory
Result: NOTE
Found the following files/directories:
‘examplepkg’
Flavor: r-devel-linux-x86_64-fedora-gcc
These binaries (installable software) and packages are in development.
They may not be fully stable and should be used with caution. We make no claims about them.