Last updated on 2025-07-02 03:50:38 CEST.
Flavor | Version | Tinstall | Tcheck | Ttotal | Status | Flags |
---|---|---|---|---|---|---|
r-devel-linux-x86_64-debian-clang | 0.0.1 | 3.06 | 148.47 | 151.53 | OK | |
r-devel-linux-x86_64-debian-gcc | 0.0.1 | 2.35 | 108.03 | 110.38 | OK | |
r-devel-linux-x86_64-fedora-clang | 0.0.1 | 231.72 | OK | |||
r-devel-linux-x86_64-fedora-gcc | 0.0.1 | 228.87 | NOTE | |||
r-devel-windows-x86_64 | 0.0.1 | 4.00 | 207.00 | 211.00 | OK | |
r-patched-linux-x86_64 | OK | |||||
r-release-linux-x86_64 | 0.0.1 | 2.83 | 140.45 | 143.28 | OK | |
r-release-macos-arm64 | 0.0.1 | 81.00 | OK | |||
r-release-macos-x86_64 | 0.0.1 | 175.00 | OK | |||
r-release-windows-x86_64 | 0.0.1 | 4.00 | 192.00 | 196.00 | OK | |
r-oldrel-macos-arm64 | 0.0.1 | 99.00 | OK | |||
r-oldrel-macos-x86_64 | 0.0.1 | 235.00 | OK | |||
r-oldrel-windows-x86_64 | 0.0.1 | 6.00 | 239.00 | 245.00 | OK |
Version: 0.0.1
Check: for non-standard things in the check directory
Result: NOTE
Found the following files/directories:
‘examplepkg’
Flavor: r-devel-linux-x86_64-fedora-gcc
These binaries (installable software) and packages are in development.
They may not be fully stable and should be used with caution. We make no claims about them.