Last updated on 2025-10-23 11:50:10 CEST.
Flavor | Version | Tinstall | Tcheck | Ttotal | Status | Flags |
---|---|---|---|---|---|---|
r-devel-linux-x86_64-debian-clang | 0.0.1 | 2.78 | 151.78 | 154.56 | OK | |
r-devel-linux-x86_64-debian-gcc | 0.0.1 | 2.38 | 107.62 | 110.00 | OK | |
r-devel-linux-x86_64-fedora-clang | 0.0.1 | 180.11 | OK | |||
r-devel-linux-x86_64-fedora-gcc | 0.0.1 | 229.50 | NOTE | |||
r-devel-windows-x86_64 | 0.0.1 | 4.00 | 198.00 | 202.00 | OK | |
r-patched-linux-x86_64 | 0.0.1 | 3.39 | 147.02 | 150.41 | OK | |
r-release-linux-x86_64 | 0.0.1 | 2.83 | 142.27 | 145.10 | OK | |
r-release-macos-arm64 | 0.0.1 | 1.00 | 80.00 | 81.00 | OK | |
r-release-macos-x86_64 | 0.0.1 | 3.00 | 172.00 | 175.00 | OK | |
r-release-windows-x86_64 | 0.0.1 | 5.00 | 195.00 | 200.00 | OK | |
r-oldrel-macos-arm64 | 0.0.1 | 2.00 | 97.00 | 99.00 | OK | |
r-oldrel-macos-x86_64 | 0.0.1 | 5.00 | 230.00 | 235.00 | OK | |
r-oldrel-windows-x86_64 | 0.0.1 | 8.00 | 246.00 | 254.00 | OK |
Version: 0.0.1
Check: for non-standard things in the check directory
Result: NOTE
Found the following files/directories:
‘examplepkg’
Flavor: r-devel-linux-x86_64-fedora-gcc
These binaries (installable software) and packages are in development.
They may not be fully stable and should be used with caution. We make no claims about them.