Last updated on 2025-02-16 10:50:43 CET.
Flavor | Version | Tinstall | Tcheck | Ttotal | Status | Flags |
---|---|---|---|---|---|---|
r-devel-linux-x86_64-debian-clang | 0.0.1 | 3.18 | 145.68 | 148.86 | OK | |
r-devel-linux-x86_64-debian-gcc | 0.0.1 | 2.36 | 106.28 | 108.64 | OK | |
r-devel-linux-x86_64-fedora-clang | 0.0.1 | 245.01 | OK | |||
r-devel-linux-x86_64-fedora-gcc | 0.0.1 | 246.40 | NOTE | |||
r-devel-macos-arm64 | 0.0.1 | 90.00 | OK | |||
r-devel-macos-x86_64 | 0.0.1 | 198.00 | OK | |||
r-devel-windows-x86_64 | 0.0.1 | 6.00 | 193.00 | 199.00 | OK | |
r-patched-linux-x86_64 | 0.0.1 | 3.42 | 140.25 | 143.67 | OK | |
r-release-linux-x86_64 | 0.0.1 | 2.58 | 136.38 | 138.96 | OK | |
r-release-macos-arm64 | 0.0.1 | 99.00 | OK | |||
r-release-macos-x86_64 | 0.0.1 | 235.00 | OK | |||
r-release-windows-x86_64 | 0.0.1 | 6.00 | 193.00 | 199.00 | OK | |
r-oldrel-macos-arm64 | 0.0.1 | 120.00 | OK | |||
r-oldrel-macos-x86_64 | 0.0.1 | 257.00 | OK | |||
r-oldrel-windows-x86_64 | 0.0.1 | 4.00 | 231.00 | 235.00 | OK |
Version: 0.0.1
Check: for non-standard things in the check directory
Result: NOTE
Found the following files/directories:
‘examplepkg’
Flavor: r-devel-linux-x86_64-fedora-gcc
These binaries (installable software) and packages are in development.
They may not be fully stable and should be used with caution. We make no claims about them.