Last updated on 2024-07-27 15:50:14 CEST.
Flavor | Version | Tinstall | Tcheck | Ttotal | Status | Flags |
---|---|---|---|---|---|---|
r-devel-linux-x86_64-debian-clang | 0.1.0 | 2.90 | 72.62 | 75.52 | OK | |
r-devel-linux-x86_64-debian-gcc | 0.1.0 | OK | ||||
r-devel-linux-x86_64-fedora-clang | 0.1.0 | 94.52 | NOTE | |||
r-devel-linux-x86_64-fedora-gcc | 0.1.0 | 96.74 | NOTE | |||
r-devel-windows-x86_64 | 0.1.0 | 5.00 | 72.00 | 77.00 | OK | |
r-patched-linux-x86_64 | 0.1.0 | OK | ||||
r-release-linux-x86_64 | 0.1.0 | 2.79 | 67.98 | 70.77 | OK | |
r-release-macos-arm64 | 0.1.0 | 39.00 | OK | |||
r-release-macos-x86_64 | 0.1.0 | 57.00 | OK | |||
r-release-windows-x86_64 | 0.1.0 | 4.00 | 74.00 | 78.00 | OK | |
r-oldrel-macos-arm64 | 0.1.0 | 41.00 | OK | |||
r-oldrel-macos-x86_64 | 0.1.0 | 64.00 | OK | |||
r-oldrel-windows-x86_64 | 0.1.0 | 5.00 | 88.00 | 93.00 | OK |
Version: 0.1.0
Check: dependencies in R code
Result: NOTE
Namespaces in Imports field not imported from:
‘ggplot2’ ‘misc3d’
All declared Imports should be used.
Flavors: r-devel-linux-x86_64-fedora-clang, r-devel-linux-x86_64-fedora-gcc
These binaries (installable software) and packages are in development.
They may not be fully stable and should be used with caution. We make no claims about them.