CRAN Package Check Results for Package cowbell

Last updated on 2025-02-16 10:50:43 CET.

Flavor Version Tinstall Tcheck Ttotal Status Flags
r-devel-linux-x86_64-debian-clang 0.1.0 1.81 57.83 59.64 OK
r-devel-linux-x86_64-debian-gcc 0.1.0 1.43 39.25 40.68 OK
r-devel-linux-x86_64-fedora-clang 0.1.0 96.74 NOTE
r-devel-linux-x86_64-fedora-gcc 0.1.0 100.46 NOTE
r-devel-macos-arm64 0.1.0 42.00 OK
r-devel-macos-x86_64 0.1.0 80.00 OK
r-devel-windows-x86_64 0.1.0 4.00 73.00 77.00 OK
r-patched-linux-x86_64 0.1.0 2.47 52.89 55.36 OK
r-release-linux-x86_64 0.1.0 2.11 53.21 55.32 OK
r-release-macos-arm64 0.1.0 39.00 OK
r-release-macos-x86_64 0.1.0 57.00 OK
r-release-windows-x86_64 0.1.0 4.00 75.00 79.00 OK
r-oldrel-macos-arm64 0.1.0 41.00 OK
r-oldrel-macos-x86_64 0.1.0 64.00 OK
r-oldrel-windows-x86_64 0.1.0 5.00 98.00 103.00 OK

Check Details

Version: 0.1.0
Check: dependencies in R code
Result: NOTE Namespaces in Imports field not imported from: ‘ggplot2’ ‘misc3d’ All declared Imports should be used. Flavors: r-devel-linux-x86_64-fedora-clang, r-devel-linux-x86_64-fedora-gcc

These binaries (installable software) and packages are in development.
They may not be fully stable and should be used with caution. We make no claims about them.