Last updated on 2025-10-23 23:49:26 CEST.
| Flavor | Version | Tinstall | Tcheck | Ttotal | Status | Flags |
|---|---|---|---|---|---|---|
| r-devel-linux-x86_64-debian-clang | 1.2.0 | 6.04 | 144.74 | 150.78 | NOTE | |
| r-devel-linux-x86_64-debian-gcc | 1.2.0 | 4.88 | 95.83 | 100.71 | OK | |
| r-devel-linux-x86_64-fedora-clang | 1.2.0 | 169.89 | OK | |||
| r-devel-linux-x86_64-fedora-gcc | 1.2.0 | 18.00 | 197.53 | 215.53 | OK | |
| r-devel-windows-x86_64 | 1.2.0 | 9.00 | 138.00 | 147.00 | OK | |
| r-patched-linux-x86_64 | 1.2.0 | 6.68 | 135.93 | 142.61 | OK | |
| r-release-linux-x86_64 | 1.2.0 | 5.92 | 135.72 | 141.64 | OK | |
| r-release-macos-arm64 | 1.2.0 | 3.00 | 51.00 | 54.00 | OK | |
| r-release-macos-x86_64 | 1.2.0 | 6.00 | 98.00 | 104.00 | OK | |
| r-release-windows-x86_64 | 1.2.0 | 9.00 | 141.00 | 150.00 | OK | |
| r-oldrel-macos-arm64 | 1.2.0 | 3.00 | 48.00 | 51.00 | OK | |
| r-oldrel-macos-x86_64 | 1.2.0 | 7.00 | 93.00 | 100.00 | OK | |
| r-oldrel-windows-x86_64 | 1.2.0 | 12.00 | 179.00 | 191.00 | OK |
Version: 1.2.0
Check: HTML version of manual
Result: NOTE
Found the following HTML validation problems:
draw_plot_label.html:96:1 (draw_plot_label.Rd:40): Warning: missing </ul> before </div>
ggsave2.html:103:1 (ggsave2.Rd:45): Warning: missing </ul> before </div>
gtable_remove_grobs.html:55:1 (gtable_remove_grobs.Rd:15): Warning: missing </ul> before </div>
gtable_squash_cols.html:50:1 (gtable_squash_cols.Rd:12): Warning: missing </ul> before </div>
gtable_squash_rows.html:50:1 (gtable_squash_rows.Rd:12): Warning: missing </ul> before </div>
panel_border.html:61:1 (panel_border.Rd:17): Warning: missing </ul> before </div>
png_null_device.html:57:1 (png_null_device.Rd:21): Warning: missing </ul> before </div>
Flavor: r-devel-linux-x86_64-debian-clang
These binaries (installable software) and packages are in development.
They may not be fully stable and should be used with caution. We make no claims about them.