Last updated on 2025-02-16 10:50:43 CET.
Flavor | Version | Tinstall | Tcheck | Ttotal | Status | Flags |
---|---|---|---|---|---|---|
r-devel-linux-x86_64-debian-clang | 1.1.3 | 6.57 | 102.19 | 108.76 | NOTE | |
r-devel-linux-x86_64-debian-gcc | 1.1.3 | 4.53 | 69.85 | 74.38 | NOTE | |
r-devel-linux-x86_64-fedora-clang | 1.1.3 | 174.27 | OK | |||
r-devel-linux-x86_64-fedora-gcc | 1.1.3 | 172.16 | OK | |||
r-devel-macos-arm64 | 1.1.3 | 52.00 | OK | |||
r-devel-macos-x86_64 | 1.1.3 | 115.00 | OK | |||
r-devel-windows-x86_64 | 1.1.3 | 10.00 | 120.00 | 130.00 | NOTE | |
r-patched-linux-x86_64 | 1.1.3 | 10.81 | 92.74 | 103.55 | OK | |
r-release-linux-x86_64 | 1.1.3 | 5.88 | 93.57 | 99.45 | OK | |
r-release-macos-arm64 | 1.1.3 | 60.00 | NOTE | |||
r-release-macos-x86_64 | 1.1.3 | 78.00 | OK | |||
r-release-windows-x86_64 | 1.1.3 | 9.00 | 113.00 | 122.00 | OK | |
r-oldrel-macos-arm64 | 1.1.3 | 53.00 | OK | |||
r-oldrel-macos-x86_64 | 1.1.3 | 107.00 | OK | |||
r-oldrel-windows-x86_64 | 1.1.3 | 10.00 | 131.00 | 141.00 | OK |
Version: 1.1.3
Check: Rd cross-references
Result: NOTE
Found the following Rd file(s) with Rd \link{} targets missing package
anchors:
axis_canvas.Rd: ggplot2, coord_flip
background_grid.Rd: theme
draw_line.Rd: geom_path
draw_text.Rd: geom_label
ggsave2.Rd: ggsave
insert_xaxis_grob.Rd: ggplot2
save_plot.Rd: ggsave
theme_minimal_grid.Rd: theme_minimal
Please provide package anchors for all Rd \link{} targets not in the
package itself and the base packages.
Flavors: r-devel-linux-x86_64-debian-clang, r-devel-linux-x86_64-debian-gcc, r-devel-windows-x86_64
Version: 1.1.3
Check: package dependencies
Result: NOTE
Package suggested but not available for checking: ‘testthat’
Flavor: r-release-macos-arm64
These binaries (installable software) and packages are in development.
They may not be fully stable and should be used with caution. We make no claims about them.