Last updated on 2025-02-16 10:50:43 CET.
Flavor | Version | Tinstall | Tcheck | Ttotal | Status | Flags |
---|---|---|---|---|---|---|
r-devel-linux-x86_64-debian-clang | 1.0.1 | 7.40 | 53.60 | 61.00 | NOTE | |
r-devel-linux-x86_64-debian-gcc | 1.0.1 | 5.83 | 40.01 | 45.84 | NOTE | |
r-devel-linux-x86_64-fedora-clang | 1.0.1 | 99.41 | NOTE | |||
r-devel-linux-x86_64-fedora-gcc | 1.0.1 | 95.23 | NOTE | |||
r-devel-macos-arm64 | 1.0.1 | 32.00 | NOTE | |||
r-devel-macos-x86_64 | 1.0.1 | 55.00 | NOTE | |||
r-devel-windows-x86_64 | 1.0.1 | 14.00 | 69.00 | 83.00 | NOTE | |
r-patched-linux-x86_64 | 1.0.1 | 6.76 | 50.45 | 57.21 | NOTE | |
r-release-linux-x86_64 | 1.0.1 | 7.92 | 49.99 | 57.91 | NOTE | |
r-release-macos-arm64 | 1.0.1 | 31.00 | NOTE | |||
r-release-macos-x86_64 | 1.0.1 | 46.00 | NOTE | |||
r-release-windows-x86_64 | 1.0.1 | 13.00 | 76.00 | 89.00 | NOTE | |
r-oldrel-macos-arm64 | 1.0.1 | 33.00 | OK | |||
r-oldrel-macos-x86_64 | 1.0.1 | 55.00 | OK | |||
r-oldrel-windows-x86_64 | 1.0.1 | 17.00 | 101.00 | 118.00 | OK |
Version: 1.0.1
Check: Rd files
Result: NOTE
checkRd: (-1) gen_data.Rd:21: Lost braces in \itemize; \value handles \item{}{} directly
checkRd: (-1) gen_data.Rd:22: Lost braces in \itemize; \value handles \item{}{} directly
checkRd: (-1) gen_data.Rd:23-24: Lost braces in \itemize; \value handles \item{}{} directly
checkRd: (-1) plot.coxr.Rd:36: Lost braces in \itemize; \value handles \item{}{} directly
checkRd: (-1) plot.coxr.Rd:37: Lost braces in \itemize; \value handles \item{}{} directly
checkRd: (-1) plot.coxr.Rd:38-39: Lost braces in \itemize; \value handles \item{}{} directly
Flavors: r-devel-linux-x86_64-debian-clang, r-devel-linux-x86_64-debian-gcc, r-devel-linux-x86_64-fedora-clang, r-devel-linux-x86_64-fedora-gcc, r-devel-macos-arm64, r-devel-macos-x86_64, r-devel-windows-x86_64, r-patched-linux-x86_64, r-release-linux-x86_64, r-release-macos-arm64, r-release-macos-x86_64, r-release-windows-x86_64
Version: 1.0.1
Check: Rd cross-references
Result: NOTE
Found the following Rd file(s) with Rd \link{} targets missing package
anchors:
coxr.Rd: Surv
Please provide package anchors for all Rd \link{} targets not in the
package itself and the base packages.
Flavors: r-devel-linux-x86_64-debian-clang, r-devel-linux-x86_64-debian-gcc, r-devel-windows-x86_64
These binaries (installable software) and packages are in development.
They may not be fully stable and should be used with caution. We make no claims about them.