CRAN Package Check Results for Package cpa

Last updated on 2025-05-08 04:52:02 CEST.

Flavor Version Tinstall Tcheck Ttotal Status Flags
r-devel-linux-x86_64-debian-clang 1.0.1 2.21 21.25 23.46 NOTE
r-devel-linux-x86_64-debian-gcc 1.0.1 1.90 17.13 19.03 NOTE
r-devel-linux-x86_64-fedora-clang 1.0.1 37.76 OK
r-devel-linux-x86_64-fedora-gcc 1.0.1 37.28 OK
r-devel-windows-x86_64 1.0.1 3.00 48.00 51.00 OK
r-patched-linux-x86_64 1.0.1 2.22 20.75 22.97 OK
r-release-linux-x86_64 1.0.1 2.20 20.75 22.95 OK
r-release-macos-arm64 1.0.1 22.00 OK
r-release-macos-x86_64 1.0.1 32.00 OK
r-release-windows-x86_64 1.0.1 3.00 51.00 54.00 OK
r-oldrel-macos-arm64 1.0.1 19.00 OK
r-oldrel-macos-x86_64 1.0.1 29.00 OK
r-oldrel-windows-x86_64 1.0.1 3.00 51.00 54.00 OK

Check Details

Version: 1.0.1
Check: CRAN incoming feasibility
Result: NOTE Maintainer: ‘Alessandro Bellino <alessandro_bellino@gmx.com>’ Package CITATION file contains call(s) to old-style personList() or as.personList(). Please use c() on person objects instead. Package CITATION file contains call(s) to old-style citEntry(). Please use bibentry() instead. Flavors: r-devel-linux-x86_64-debian-clang, r-devel-linux-x86_64-debian-gcc

These binaries (installable software) and packages are in development.
They may not be fully stable and should be used with caution. We make no claims about them.