CRAN Package Check Results for Package cpa

Last updated on 2025-11-11 15:50:30 CET.

Flavor Version Tinstall Tcheck Ttotal Status Flags
r-devel-linux-x86_64-debian-clang 1.0.1 3.09 30.10 33.19 NOTE
r-devel-linux-x86_64-debian-gcc 1.0.1 3.38 30.75 34.13 NOTE
r-devel-linux-x86_64-fedora-clang 1.0.1 47.75 OK
r-devel-linux-x86_64-fedora-gcc 1.0.1 45.91 OK
r-devel-windows-x86_64 1.0.1 3.00 48.00 51.00 OK
r-patched-linux-x86_64 1.0.1 2.34 22.23 24.57 OK
r-release-linux-x86_64 1.0.1 2.21 22.29 24.50 OK
r-release-macos-arm64 1.0.1 2.00 20.00 22.00 OK
r-release-macos-x86_64 1.0.1 3.00 29.00 32.00 OK
r-release-windows-x86_64 1.0.1 3.00 48.00 51.00 OK
r-oldrel-macos-arm64 1.0.1 2.00 17.00 19.00 OK
r-oldrel-macos-x86_64 1.0.1 3.00 26.00 29.00 OK
r-oldrel-windows-x86_64 1.0.1 3.00 51.00 54.00 OK

Check Details

Version: 1.0.1
Check: CRAN incoming feasibility
Result: NOTE Maintainer: ‘Alessandro Bellino <alessandro_bellino@gmx.com>’ Package CITATION file contains call(s) to old-style personList() or as.personList(). Please use c() on person objects instead. Package CITATION file contains call(s) to old-style citEntry(). Please use bibentry() instead. Flavors: r-devel-linux-x86_64-debian-clang, r-devel-linux-x86_64-debian-gcc

These binaries (installable software) and packages are in development.
They may not be fully stable and should be used with caution. We make no claims about them.