Last updated on 2025-07-01 11:49:16 CEST.
Flavor | Version | Tinstall | Tcheck | Ttotal | Status | Flags |
---|---|---|---|---|---|---|
r-devel-linux-x86_64-debian-clang | 1.0.1 | 3.10 | 28.27 | 31.37 | NOTE | |
r-devel-linux-x86_64-debian-gcc | 1.0.1 | 3.30 | 30.50 | 33.80 | NOTE | |
r-devel-linux-x86_64-fedora-clang | 1.0.1 | 48.11 | OK | |||
r-devel-linux-x86_64-fedora-gcc | 1.0.1 | 44.27 | OK | |||
r-devel-windows-x86_64 | 1.0.1 | 3.00 | 50.00 | 53.00 | OK | |
r-patched-linux-x86_64 | OK | |||||
r-release-linux-x86_64 | 1.0.1 | 2.19 | 20.35 | 22.54 | OK | |
r-release-macos-arm64 | 1.0.1 | 22.00 | OK | |||
r-release-macos-x86_64 | 1.0.1 | 32.00 | OK | |||
r-release-windows-x86_64 | 1.0.1 | 3.00 | 51.00 | 54.00 | OK | |
r-oldrel-macos-arm64 | 1.0.1 | 19.00 | OK | |||
r-oldrel-macos-x86_64 | 1.0.1 | 29.00 | OK | |||
r-oldrel-windows-x86_64 | 1.0.1 | 3.00 | 51.00 | 54.00 | OK |
Version: 1.0.1
Check: CRAN incoming feasibility
Result: NOTE
Maintainer: ‘Alessandro Bellino <alessandro_bellino@gmx.com>’
Package CITATION file contains call(s) to old-style personList() or
as.personList(). Please use c() on person objects instead.
Package CITATION file contains call(s) to old-style citEntry(). Please
use bibentry() instead.
Flavors: r-devel-linux-x86_64-debian-clang, r-devel-linux-x86_64-debian-gcc
These binaries (installable software) and packages are in development.
They may not be fully stable and should be used with caution. We make no claims about them.