Last updated on 2025-02-23 01:51:37 CET.
Flavor | Version | Tinstall | Tcheck | Ttotal | Status | Flags |
---|---|---|---|---|---|---|
r-devel-linux-x86_64-debian-clang | 1.3.5 | 100.35 | 23.69 | 124.04 | OK | |
r-devel-linux-x86_64-debian-gcc | 1.3.5 | 85.45 | 19.41 | 104.86 | OK | |
r-devel-linux-x86_64-fedora-clang | 1.3.5 | 374.14 | WARN | |||
r-devel-linux-x86_64-fedora-gcc | 1.3.5 | 289.15 | OK | |||
r-devel-macos-arm64 | 1.3.5 | 73.00 | OK | |||
r-devel-macos-x86_64 | 1.3.5 | 124.00 | OK | |||
r-devel-windows-x86_64 | 1.3.5 | 123.00 | 75.00 | 198.00 | OK | |
r-patched-linux-x86_64 | 1.3.5 | 120.23 | 22.82 | 143.05 | OK | |
r-release-linux-x86_64 | 1.3.5 | 118.51 | 22.91 | 141.42 | OK | |
r-release-macos-arm64 | 1.3.5 | 88.00 | NOTE | |||
r-release-macos-x86_64 | 1.3.5 | 119.00 | NOTE | |||
r-release-windows-x86_64 | 1.3.5 | 123.00 | 73.00 | 196.00 | OK | |
r-oldrel-macos-arm64 | 1.3.5 | 87.00 | NOTE | |||
r-oldrel-macos-x86_64 | 1.3.5 | 95.00 | NOTE | |||
r-oldrel-windows-x86_64 | 1.3.5 | 132.00 | 84.00 | 216.00 | OK |
Version: 1.3.5
Check: whether package can be installed
Result: WARN
Found the following significant warnings:
/data/gannet/ripley/R/test-clang/cpp11/include/cpp11/R.hpp:52:31: warning: identifier '_xl' preceded by whitespace in a literal operator declaration is deprecated [-Wdeprecated-literal-operator]
/data/gannet/ripley/R/test-clang/cpp11/include/cpp11/named_arg.hpp:42:29: warning: identifier '_nm' preceded by whitespace in a literal operator declaration is deprecated [-Wdeprecated-literal-operator]
See ‘/data/gannet/ripley/R/packages/tests-clang/cpp11qpdf.Rcheck/00install.out’ for details.
* used C++ compiler: ‘clang version 20.1.0-rc2’
Flavor: r-devel-linux-x86_64-fedora-clang
Version: 1.3.5
Check: installed package size
Result: NOTE
installed size is 15.9Mb
sub-directories of 1Mb or more:
libs 15.5Mb
Flavors: r-release-macos-arm64, r-release-macos-x86_64, r-oldrel-macos-arm64, r-oldrel-macos-x86_64
These binaries (installable software) and packages are in development.
They may not be fully stable and should be used with caution. We make no claims about them.