Last updated on 2025-02-06 04:49:15 CET.
Flavor | Version | Tinstall | Tcheck | Ttotal | Status | Flags |
---|---|---|---|---|---|---|
r-devel-linux-x86_64-debian-clang | 1.0.4 | 502.54 | 127.24 | 629.78 | OK | |
r-devel-linux-x86_64-debian-gcc | 1.0.4 | 401.61 | 82.25 | 483.86 | OK | |
r-devel-linux-x86_64-fedora-clang | 1.0.4 | 1292.06 | NOTE | |||
r-devel-linux-x86_64-fedora-gcc | 1.0.4 | 1399.48 | NOTE | |||
r-devel-windows-x86_64 | 1.0.4 | 476.00 | 217.00 | 693.00 | OK | |
r-patched-linux-x86_64 | 1.0.4 | 557.17 | 120.08 | 677.25 | OK | |
r-release-linux-x86_64 | 1.0.4 | 554.14 | 119.31 | 673.45 | OK | |
r-release-macos-arm64 | 1.0.4 | 246.00 | NOTE | |||
r-release-macos-x86_64 | 1.0.4 | 255.00 | NOTE | |||
r-release-windows-x86_64 | 1.0.4 | 474.00 | 210.00 | 684.00 | NOTE | |
r-oldrel-macos-arm64 | 1.0.4 | 243.00 | NOTE | |||
r-oldrel-macos-x86_64 | 1.0.4 | 206.00 | NOTE | |||
r-oldrel-windows-x86_64 | 1.0.4 | 472.00 | 265.00 | 737.00 | NOTE |
Version: 1.0.4
Check: dependencies in R code
Result: NOTE
Namespace in Imports field not imported from: ‘base’
All declared Imports should be used.
Flavors: r-devel-linux-x86_64-fedora-clang, r-devel-linux-x86_64-fedora-gcc
Version: 1.0.4
Check: installed package size
Result: NOTE
installed size is 65.9Mb
sub-directories of 1Mb or more:
R 1.0Mb
libs 64.5Mb
Flavors: r-release-macos-arm64, r-release-macos-x86_64, r-release-windows-x86_64, r-oldrel-macos-arm64, r-oldrel-macos-x86_64, r-oldrel-windows-x86_64
These binaries (installable software) and packages are in development.
They may not be fully stable and should be used with caution. We make no claims about them.