Last updated on 2025-10-23 17:50:45 CEST.
Flavor | Version | Tinstall | Tcheck | Ttotal | Status | Flags |
---|---|---|---|---|---|---|
r-devel-linux-x86_64-debian-clang | 0.4.0 | 47.29 | 366.61 | 413.90 | NOTE | |
r-devel-linux-x86_64-debian-gcc | 0.4.0 | 29.12 | 251.94 | 281.06 | OK | |
r-devel-linux-x86_64-fedora-clang | 0.4.0 | 238.00 | 469.82 | 707.82 | OK | |
r-devel-linux-x86_64-fedora-gcc | 0.4.0 | 95.00 | 550.19 | 645.19 | OK | |
r-devel-windows-x86_64 | 0.4.0 | 59.00 | 367.00 | 426.00 | OK | |
r-patched-linux-x86_64 | 0.4.0 | 48.64 | 375.05 | 423.69 | OK | |
r-release-linux-x86_64 | 0.4.0 | 47.24 | 372.51 | 419.75 | OK | |
r-release-macos-arm64 | 0.4.0 | 18.00 | 310.00 | 328.00 | OK | |
r-release-macos-x86_64 | 0.4.0 | 19.00 | 320.00 | 339.00 | OK | |
r-release-windows-x86_64 | 0.4.0 | 60.00 | 366.00 | 426.00 | OK | |
r-oldrel-macos-arm64 | 0.4.0 | 21.00 | 221.00 | 242.00 | NOTE | |
r-oldrel-macos-x86_64 | 0.4.0 | 22.00 | 270.00 | 292.00 | NOTE | |
r-oldrel-windows-x86_64 | 0.4.0 | 69.00 | 504.00 | 573.00 | OK |
Version: 0.4.0
Check: HTML version of manual
Result: NOTE
Found the following HTML validation problems:
cpr-defunct.html:60:1 (cpr-defunct.Rd:29): Warning: missing </ul> before </div>
Flavor: r-devel-linux-x86_64-debian-clang
Version: 0.4.0
Check: installed package size
Result: NOTE
installed size is 5.3Mb
sub-directories of 1Mb or more:
doc 1.6Mb
libs 2.9Mb
Flavors: r-oldrel-macos-arm64, r-oldrel-macos-x86_64
These binaries (installable software) and packages are in development.
They may not be fully stable and should be used with caution. We make no claims about them.