CRAN Package Check Results for Package cpss

Last updated on 2025-07-02 03:50:38 CEST.

Flavor Version Tinstall Tcheck Ttotal Status Flags
r-devel-linux-x86_64-debian-clang 0.0.3 51.67 66.47 118.14 NOTE
r-devel-linux-x86_64-debian-gcc 0.0.3 38.31 47.25 85.56 NOTE
r-devel-linux-x86_64-fedora-clang 0.0.3 201.43 NOTE
r-devel-linux-x86_64-fedora-gcc 0.0.3 186.44 NOTE
r-devel-windows-x86_64 0.0.3 59.00 103.00 162.00 NOTE
r-patched-linux-x86_64 NOTE
r-release-linux-x86_64 0.0.3 56.41 61.58 117.99 NOTE
r-release-macos-arm64 0.0.3 47.00 NOTE
r-release-macos-x86_64 0.0.3 82.00 NOTE
r-release-windows-x86_64 0.0.3 61.00 99.00 160.00 NOTE
r-oldrel-macos-arm64 0.0.3 50.00 NOTE
r-oldrel-macos-x86_64 0.0.3 63.00 NOTE
r-oldrel-windows-x86_64 0.0.3 74.00 120.00 194.00 NOTE

Check Details

Version: 0.0.3
Check: C++ specification
Result: NOTE Specified C++11: please drop specification unless essential Flavors: r-devel-linux-x86_64-debian-clang, r-devel-linux-x86_64-debian-gcc, r-devel-linux-x86_64-fedora-clang, r-devel-linux-x86_64-fedora-gcc, r-devel-windows-x86_64, r-patched-linux-x86_64, r-release-linux-x86_64, r-release-macos-arm64, r-release-macos-x86_64, r-release-windows-x86_64, r-oldrel-macos-arm64, r-oldrel-macos-x86_64, r-oldrel-windows-x86_64

These binaries (installable software) and packages are in development.
They may not be fully stable and should be used with caution. We make no claims about them.