Last updated on 2025-10-23 11:50:10 CEST.
Flavor | Version | Tinstall | Tcheck | Ttotal | Status | Flags |
---|---|---|---|---|---|---|
r-devel-linux-x86_64-debian-clang | 0.1.0 | 3.24 | 41.33 | 44.57 | NOTE | |
r-devel-linux-x86_64-debian-gcc | 0.1.0 | 2.41 | 31.71 | 34.12 | OK | |
r-devel-linux-x86_64-fedora-clang | 0.1.0 | 54.83 | OK | |||
r-devel-linux-x86_64-fedora-gcc | 0.1.0 | 77.58 | OK | |||
r-devel-windows-x86_64 | 0.1.0 | 5.00 | 61.00 | 66.00 | OK | |
r-patched-linux-x86_64 | 0.1.0 | 2.84 | 39.18 | 42.02 | OK | |
r-release-linux-x86_64 | 0.1.0 | 3.07 | 38.61 | 41.68 | OK | |
r-release-macos-arm64 | 0.1.0 | 2.00 | 31.00 | 33.00 | OK | |
r-release-macos-x86_64 | 0.1.0 | 4.00 | 62.00 | 66.00 | OK | |
r-release-windows-x86_64 | 0.1.0 | 6.00 | 69.00 | 75.00 | OK | |
r-oldrel-macos-arm64 | 0.1.0 | 2.00 | 34.00 | 36.00 | OK | |
r-oldrel-macos-x86_64 | 0.1.0 | 3.00 | 45.00 | 48.00 | OK | |
r-oldrel-windows-x86_64 | 0.1.0 | 6.00 | 73.00 | 79.00 | OK |
Version: 0.1.0
Check: HTML version of manual
Result: NOTE
Found the following HTML validation problems:
na_ifin.html:50:1 (na_ifin.Rd:12): Warning: missing </ul> before </div>
Flavor: r-devel-linux-x86_64-debian-clang
These binaries (installable software) and packages are in development.
They may not be fully stable and should be used with caution. We make no claims about them.