Last updated on 2025-07-22 19:51:45 CEST.
Flavor | Version | Tinstall | Tcheck | Ttotal | Status | Flags |
---|---|---|---|---|---|---|
r-devel-linux-x86_64-debian-clang | 2.3 | 6.97 | 60.88 | 67.85 | NOTE | |
r-devel-linux-x86_64-debian-gcc | 2.3 | 3.90 | 44.37 | 48.27 | NOTE | |
r-devel-linux-x86_64-fedora-clang | 2.3 | 104.19 | OK | |||
r-devel-linux-x86_64-fedora-gcc | 2.3 | 102.17 | OK | |||
r-devel-windows-x86_64 | 2.3 | 11.00 | 71.00 | 82.00 | OK | |
r-patched-linux-x86_64 | 2.3 | 6.67 | 58.13 | 64.80 | OK | |
r-release-linux-x86_64 | 2.3 | 5.76 | 58.78 | 64.54 | OK | |
r-release-macos-arm64 | 2.3 | 37.00 | OK | |||
r-release-macos-x86_64 | 2.3 | 68.00 | OK | |||
r-release-windows-x86_64 | 2.3 | 11.00 | 74.00 | 85.00 | OK | |
r-oldrel-macos-arm64 | 2.3 | 34.00 | OK | |||
r-oldrel-macos-x86_64 | 2.3 | 50.00 | OK | |||
r-oldrel-windows-x86_64 | 2.3 | 14.00 | 90.00 | 104.00 | OK |
Version: 2.3
Check: CRAN incoming feasibility
Result: NOTE
Maintainer: ‘Francesco Bartolucci <francesco.bartolucci@unipg.it>’
No Authors@R field in DESCRIPTION.
Please add one, modifying
Authors@R: c(person(given = "Francesco",
family = "Bartolucci",
role = c("aut", "cre"),
email = "francesco.bartolucci@unipg.it",
comment = "University of Perugia"),
person(given = "Claudia",
family = "Pigini",
role = "aut",
comment = "University of Ancona \"Politecnica delle Marche\""),
person(given = "Francesco",
family = "Valentini",
role = "aut",
comment = "University of Ancona \"Politecnica delle Marche\""))
as necessary.
Flavors: r-devel-linux-x86_64-debian-clang, r-devel-linux-x86_64-debian-gcc
These binaries (installable software) and packages are in development.
They may not be fully stable and should be used with caution. We make no claims about them.