CRAN Package Check Results for Package cquad

Last updated on 2025-11-16 07:49:30 CET.

Flavor Version Tinstall Tcheck Ttotal Status Flags
r-devel-linux-x86_64-debian-clang 2.3 6.65 64.92 71.57 NOTE
r-devel-linux-x86_64-debian-gcc 2.3 4.76 46.50 51.26 NOTE
r-devel-linux-x86_64-fedora-clang 2.3 22.00 91.99 113.99 OK
r-devel-linux-x86_64-fedora-gcc 2.3 39.00 73.59 112.59 OK
r-devel-windows-x86_64 2.3 14.00 73.00 87.00 OK
r-patched-linux-x86_64 2.3 6.19 61.12 67.31 OK
r-release-linux-x86_64 2.3 6.81 60.64 67.45 OK
r-release-macos-arm64 2.3 5.00 32.00 37.00 OK
r-release-macos-x86_64 2.3 16.00 52.00 68.00 OK
r-release-windows-x86_64 2.3 12.00 72.00 84.00 OK
r-oldrel-macos-arm64 2.3 5.00 29.00 34.00 OK
r-oldrel-macos-x86_64 2.3 7.00 43.00 50.00 OK
r-oldrel-windows-x86_64 2.3 15.00 89.00 104.00 OK

Check Details

Version: 2.3
Check: CRAN incoming feasibility
Result: NOTE Maintainer: ‘Francesco Bartolucci <francesco.bartolucci@unipg.it>’ No Authors@R field in DESCRIPTION. Please add one, modifying Authors@R: c(person(given = "Francesco", family = "Bartolucci", role = c("aut", "cre"), email = "francesco.bartolucci@unipg.it", comment = "University of Perugia"), person(given = "Claudia", family = "Pigini", role = "aut", comment = "University of Ancona \"Politecnica delle Marche\""), person(given = "Francesco", family = "Valentini", role = "aut", comment = "University of Ancona \"Politecnica delle Marche\"")) as necessary. Flavors: r-devel-linux-x86_64-debian-clang, r-devel-linux-x86_64-debian-gcc

These binaries (installable software) and packages are in development.
They may not be fully stable and should be used with caution. We make no claims about them.