Last updated on 2025-05-08 04:52:02 CEST.
Flavor | Version | Tinstall | Tcheck | Ttotal | Status | Flags |
---|---|---|---|---|---|---|
r-devel-linux-x86_64-debian-clang | 0.0.1 | 1.77 | 30.52 | 32.29 | OK | |
r-devel-linux-x86_64-debian-gcc | 0.0.1 | 1.36 | 23.95 | 25.31 | OK | |
r-devel-linux-x86_64-fedora-clang | 0.0.1 | 49.58 | OK | |||
r-devel-linux-x86_64-fedora-gcc | 0.0.1 | 62.10 | OK | |||
r-devel-windows-x86_64 | 0.0.1 | 3.00 | 50.00 | 53.00 | OK | |
r-patched-linux-x86_64 | 0.0.1 | 1.73 | 28.14 | 29.87 | OK | |
r-release-linux-x86_64 | 0.0.1 | 1.37 | 28.18 | 29.55 | OK | |
r-release-macos-arm64 | 0.0.1 | 36.00 | OK | |||
r-release-macos-x86_64 | 0.0.1 | 46.00 | OK | |||
r-release-windows-x86_64 | 0.0.1 | 3.00 | 52.00 | 55.00 | OK | |
r-oldrel-macos-arm64 | 0.0.1 | 28.00 | NOTE | |||
r-oldrel-macos-x86_64 | 0.0.1 | 36.00 | NOTE | |||
r-oldrel-windows-x86_64 | 0.0.1 | 3.00 | 56.00 | 59.00 | NOTE |
Version: 0.0.1
Check: LazyData
Result: NOTE
'LazyData' is specified without a 'data' directory
Flavors: r-oldrel-macos-arm64, r-oldrel-macos-x86_64, r-oldrel-windows-x86_64
These binaries (installable software) and packages are in development.
They may not be fully stable and should be used with caution. We make no claims about them.