CRAN Package Check Results for Package crank

Last updated on 2025-05-08 04:52:02 CEST.

Flavor Version Tinstall Tcheck Ttotal Status Flags
r-devel-linux-x86_64-debian-clang 1.1-2 2.19 20.16 22.35 NOTE
r-devel-linux-x86_64-debian-gcc 1.1-2 1.67 15.87 17.54 NOTE
r-devel-linux-x86_64-fedora-clang 1.1-2 35.20 OK
r-devel-linux-x86_64-fedora-gcc 1.1-2 34.02 OK
r-devel-windows-x86_64 1.1-2 4.00 44.00 48.00 OK
r-patched-linux-x86_64 1.1-2 2.71 19.17 21.88 OK
r-release-linux-x86_64 1.1-2 2.18 19.60 21.78 OK
r-release-macos-arm64 1.1-2 17.00 OK
r-release-macos-x86_64 1.1-2 25.00 OK
r-release-windows-x86_64 1.1-2 4.00 49.00 53.00 OK
r-oldrel-macos-arm64 1.1-2 15.00 OK
r-oldrel-macos-x86_64 1.1-2 22.00 OK
r-oldrel-windows-x86_64 1.1-2 3.00 44.00 47.00 OK

Check Details

Version: 1.1-2
Check: CRAN incoming feasibility
Result: NOTE Maintainer: ‘Jim Lemon <drjimlemon@gmail.com>’ No Authors@R field in DESCRIPTION. Please add one, modifying Authors@R: c(person(given = "Jim", family = "Lemon,", role = "aut", email = "drjimlemon@gmail.com"), person(given = "Jim", family = "Lemon", role = "cre", email = "drjimlemon@gmail.com")) as necessary. Flavors: r-devel-linux-x86_64-debian-clang, r-devel-linux-x86_64-debian-gcc

These binaries (installable software) and packages are in development.
They may not be fully stable and should be used with caution. We make no claims about them.