Last updated on 2025-05-01 12:49:25 CEST.
Flavor | Version | Tinstall | Tcheck | Ttotal | Status | Flags |
---|---|---|---|---|---|---|
r-devel-linux-x86_64-debian-clang | 1.0.3 | 4.56 | 40.22 | 44.78 | NOTE | |
r-devel-linux-x86_64-debian-gcc | 1.0.3 | 3.13 | 30.72 | 33.85 | NOTE | |
r-devel-linux-x86_64-fedora-clang | 1.0.3 | 69.81 | OK | |||
r-devel-linux-x86_64-fedora-gcc | 1.0.3 | 64.46 | OK | |||
r-devel-windows-x86_64 | 1.0.3 | 5.00 | 62.00 | 67.00 | OK | |
r-patched-linux-x86_64 | 1.0.3 | 4.43 | 38.80 | 43.23 | OK | |
r-release-linux-x86_64 | OK | |||||
r-release-macos-arm64 | 1.0.3 | 28.00 | OK | |||
r-release-macos-x86_64 | 1.0.3 | 47.00 | OK | |||
r-release-windows-x86_64 | 1.0.3 | 6.00 | 65.00 | 71.00 | OK | |
r-oldrel-macos-arm64 | 1.0.3 | 24.00 | OK | |||
r-oldrel-macos-x86_64 | 1.0.3 | 34.00 | OK | |||
r-oldrel-windows-x86_64 | 1.0.3 | 9.00 | 66.00 | 75.00 | OK |
Version: 1.0.3
Check: CRAN incoming feasibility
Result: NOTE
Maintainer: ‘Gábor Csárdi <csardi.gabor@gmail.com>’
No Authors@R field in DESCRIPTION.
Please add one, modifying
Authors@R: person(given = "Gábor",
family = "Csárdi",
role = c("aut", "cre"),
email = "csardi.gabor@gmail.com")
as necessary.
Flavors: r-devel-linux-x86_64-debian-clang, r-devel-linux-x86_64-debian-gcc
These binaries (installable software) and packages are in development.
They may not be fully stable and should be used with caution. We make no claims about them.