Last updated on 2025-10-03 01:49:41 CEST.
Flavor | Version | Tinstall | Tcheck | Ttotal | Status | Flags |
---|---|---|---|---|---|---|
r-devel-linux-x86_64-debian-clang | 0.6.0 | 8.01 | 368.87 | 376.88 | OK | |
r-devel-linux-x86_64-debian-gcc | 0.6.0 | 6.47 | 251.54 | 258.01 | OK | |
r-devel-linux-x86_64-fedora-clang | 0.6.0 | 638.84 | OK | |||
r-devel-linux-x86_64-fedora-gcc | 0.6.0 | 704.91 | OK | |||
r-devel-windows-x86_64 | 0.6.0 | 12.00 | 342.00 | 354.00 | OK | |
r-patched-linux-x86_64 | 0.6.0 | 9.11 | 356.45 | 365.56 | OK | |
r-release-linux-x86_64 | 0.6.0 | 6.84 | 355.38 | 362.22 | OK | |
r-release-macos-arm64 | 0.6.0 | 208.00 | OK | |||
r-release-macos-x86_64 | 0.6.0 | 345.00 | OK | |||
r-release-windows-x86_64 | 0.6.0 | 12.00 | 338.00 | 350.00 | OK | |
r-oldrel-macos-arm64 | 0.6.0 | 157.00 | NOTE | |||
r-oldrel-macos-x86_64 | 0.6.0 | 260.00 | NOTE | |||
r-oldrel-windows-x86_64 | 0.6.0 | 16.00 | 476.00 | 492.00 | NOTE |
Version: 0.6.0
Check: installed package size
Result: NOTE
installed size is 5.4Mb
sub-directories of 1Mb or more:
doc 5.1Mb
Flavors: r-oldrel-macos-arm64, r-oldrel-macos-x86_64, r-oldrel-windows-x86_64
These binaries (installable software) and packages are in development.
They may not be fully stable and should be used with caution. We make no claims about them.