Last updated on 2025-02-16 10:50:43 CET.
Flavor | Version | Tinstall | Tcheck | Ttotal | Status | Flags |
---|---|---|---|---|---|---|
r-devel-linux-x86_64-debian-clang | 0.5.2 | 104.48 | 34.63 | 139.11 | OK | |
r-devel-linux-x86_64-debian-gcc | 0.5.2 | 78.95 | 36.14 | 115.09 | OK | |
r-devel-linux-x86_64-fedora-clang | 0.5.2 | 230.63 | OK | |||
r-devel-linux-x86_64-fedora-gcc | 0.5.2 | 295.94 | OK | |||
r-devel-macos-arm64 | 0.5.2 | 64.00 | OK | |||
r-devel-macos-x86_64 | 0.5.2 | 114.00 | OK | |||
r-devel-windows-x86_64 | 0.5.2 | 99.00 | 85.00 | 184.00 | OK | |
r-patched-linux-x86_64 | 0.5.2 | 100.84 | 45.03 | 145.87 | OK | |
r-release-linux-x86_64 | 0.5.2 | 102.86 | 44.89 | 147.75 | OK | |
r-release-macos-arm64 | 0.5.2 | 40.00 | NOTE | |||
r-release-macos-x86_64 | 0.5.2 | 62.00 | NOTE | |||
r-release-windows-x86_64 | 0.5.2 | 101.00 | 84.00 | 185.00 | OK | |
r-oldrel-macos-arm64 | 0.5.2 | 67.00 | NOTE | |||
r-oldrel-macos-x86_64 | 0.5.2 | 106.00 | NOTE | |||
r-oldrel-windows-x86_64 | 0.5.2 | 135.00 | 92.00 | 227.00 | OK |
Version: 0.5.2
Check: installed package size
Result: NOTE
installed size is 50.2Mb
sub-directories of 1Mb or more:
libs 50.1Mb
Flavors: r-release-macos-arm64, r-release-macos-x86_64, r-oldrel-macos-arm64, r-oldrel-macos-x86_64
These binaries (installable software) and packages are in development.
They may not be fully stable and should be used with caution. We make no claims about them.