Last updated on 2025-05-21 21:49:13 CEST.
Flavor | Version | Tinstall | Tcheck | Ttotal | Status | Flags |
---|---|---|---|---|---|---|
r-devel-linux-x86_64-debian-clang | 0.5.2 | 99.16 | 35.74 | 134.90 | OK | |
r-devel-linux-x86_64-debian-gcc | 0.5.2 | 86.27 | 35.77 | 122.04 | OK | |
r-devel-linux-x86_64-fedora-clang | 0.5.2 | 259.80 | OK | |||
r-devel-linux-x86_64-fedora-gcc | 0.5.2 | 305.78 | OK | |||
r-devel-windows-x86_64 | 0.5.2 | 109.00 | 98.00 | 207.00 | OK | |
r-patched-linux-x86_64 | 0.5.2 | 104.23 | 46.67 | 150.90 | OK | |
r-release-linux-x86_64 | 0.5.2 | 109.51 | 46.39 | 155.90 | OK | |
r-release-macos-arm64 | 0.5.2 | 65.00 | OK | |||
r-release-macos-x86_64 | 0.5.2 | 114.00 | OK | |||
r-release-windows-x86_64 | 0.5.2 | 111.00 | 85.00 | 196.00 | OK | |
r-oldrel-macos-arm64 | 0.5.2 | 40.00 | NOTE | |||
r-oldrel-macos-x86_64 | 0.5.2 | 62.00 | NOTE | |||
r-oldrel-windows-x86_64 | 0.5.2 | 129.00 | 102.00 | 231.00 | OK |
Version: 0.5.2
Check: installed package size
Result: NOTE
installed size is 50.2Mb
sub-directories of 1Mb or more:
libs 50.1Mb
Flavors: r-oldrel-macos-arm64, r-oldrel-macos-x86_64
These binaries (installable software) and packages are in development.
They may not be fully stable and should be used with caution. We make no claims about them.