CRAN Package Check Results for Package crctStepdown

Last updated on 2025-11-12 19:51:44 CET.

Flavor Version Tinstall Tcheck Ttotal Status Flags
r-devel-linux-x86_64-debian-clang 0.5.2 105.62 37.68 143.30 OK
r-devel-linux-x86_64-debian-gcc 0.5.2 85.61 37.65 123.26 OK
r-devel-linux-x86_64-fedora-clang 0.5.2 211.00 8.15 219.15 OK
r-devel-linux-x86_64-fedora-gcc 0.5.2 239.00 23.46 262.46 OK
r-devel-windows-x86_64 0.5.2 100.00 88.00 188.00 OK
r-patched-linux-x86_64 0.5.2 106.71 48.36 155.07 OK
r-release-linux-x86_64 0.5.2 106.09 49.39 155.48 OK
r-release-macos-arm64 0.5.2 43.00 22.00 65.00 OK
r-release-macos-x86_64 0.5.2 81.00 33.00 114.00 OK
r-release-windows-x86_64 0.5.2 103.00 82.00 185.00 OK
r-oldrel-macos-arm64 0.5.2 21.00 19.00 40.00 NOTE
r-oldrel-macos-x86_64 0.5.2 35.00 27.00 62.00 NOTE
r-oldrel-windows-x86_64 0.5.2 127.00 103.00 230.00 OK

Check Details

Version: 0.5.2
Check: installed package size
Result: NOTE installed size is 50.2Mb sub-directories of 1Mb or more: libs 50.1Mb Flavors: r-oldrel-macos-arm64, r-oldrel-macos-x86_64

These binaries (installable software) and packages are in development.
They may not be fully stable and should be used with caution. We make no claims about them.