CRAN Package Check Results for Package credsubs

Last updated on 2025-07-25 13:50:17 CEST.

Flavor Version Tinstall Tcheck Ttotal Status Flags
r-devel-linux-x86_64-debian-clang 1.1.1 2.11 26.56 28.67 NOTE
r-devel-linux-x86_64-debian-gcc 1.1.1 1.65 20.84 22.49 NOTE
r-devel-linux-x86_64-fedora-clang 1.1.1 42.81 OK
r-devel-linux-x86_64-fedora-gcc 1.1.1 52.71 OK
r-devel-windows-x86_64 1.1.1 5.00 55.00 60.00 OK
r-patched-linux-x86_64 1.1.1 2.38 25.12 27.50 OK
r-release-linux-x86_64 1.1.1 2.12 24.60 26.72 OK
r-release-macos-arm64 1.1.1 24.00 OK
r-release-macos-x86_64 1.1.1 45.00 OK
r-release-windows-x86_64 1.1.1 4.00 49.00 53.00 OK
r-oldrel-macos-arm64 1.1.1 21.00 OK
r-oldrel-macos-x86_64 1.1.1 34.00 OK
r-oldrel-windows-x86_64 1.1.1 3.00 54.00 57.00 OK

Check Details

Version: 1.1.1
Check: CRAN incoming feasibility
Result: NOTE Maintainer: ‘Patrick Schnell <schnell.31@osu.edu>’ No Authors@R field in DESCRIPTION. Please add one, modifying Authors@R: c(person(given = "Patrick", family = "Schnell", role = c("aut", "cre"), email = "schnell.31@osu.edu"), person(given = "Brad", family = "Carlin", role = "aut")) as necessary. Flavors: r-devel-linux-x86_64-debian-clang, r-devel-linux-x86_64-debian-gcc

These binaries (installable software) and packages are in development.
They may not be fully stable and should be used with caution. We make no claims about them.