Last updated on 2025-02-16 10:50:43 CET.
Flavor | Version | Tinstall | Tcheck | Ttotal | Status | Flags |
---|---|---|---|---|---|---|
r-devel-linux-x86_64-debian-clang | 0.4.2 | 36.07 | 106.94 | 143.01 | NOTE | |
r-devel-linux-x86_64-debian-gcc | 0.4.2 | 31.03 | 86.80 | 117.83 | NOTE | |
r-devel-linux-x86_64-fedora-clang | 0.4.2 | 232.66 | NOTE | |||
r-devel-linux-x86_64-fedora-gcc | 0.4.2 | 280.42 | NOTE | |||
r-devel-macos-arm64 | 0.4.2 | 78.00 | NOTE | |||
r-devel-macos-x86_64 | 0.4.2 | 197.00 | NOTE | |||
r-devel-windows-x86_64 | 0.4.2 | 50.00 | 158.00 | 208.00 | NOTE | |
r-patched-linux-x86_64 | 0.4.2 | 43.28 | 109.16 | 152.44 | NOTE | |
r-release-linux-x86_64 | 0.4.2 | 41.72 | 109.83 | 151.55 | NOTE | |
r-release-macos-arm64 | 0.4.2 | 76.00 | NOTE | |||
r-release-macos-x86_64 | 0.4.2 | 106.00 | NOTE | |||
r-release-windows-x86_64 | 0.4.2 | 54.00 | 152.00 | 206.00 | NOTE | |
r-oldrel-macos-arm64 | 0.4.2 | 104.00 | OK | |||
r-oldrel-macos-x86_64 | 0.4.2 | 229.00 | OK | |||
r-oldrel-windows-x86_64 | 0.4.2 | 49.00 | 206.00 | 255.00 | OK |
Version: 0.4.2
Check: Rd files
Result: NOTE
checkRd: (-1) airbnb.Rd:14: Lost braces in \itemize; meant \describe ?
checkRd: (-1) airbnb.Rd:15: Lost braces in \itemize; meant \describe ?
checkRd: (-1) airbnb.Rd:16: Lost braces in \itemize; meant \describe ?
checkRd: (-1) airbnb_chunks.Rd:12: Lost braces in \itemize; meant \describe ?
checkRd: (-1) airbnb_chunks.Rd:13: Lost braces in \itemize; meant \describe ?
checkRd: (-1) airbnb_chunks.Rd:14: Lost braces in \itemize; meant \describe ?
checkRd: (-1) airbnb_chunks.Rd:15: Lost braces in \itemize; meant \describe ?
checkRd: (-1) airbnb_chunks.Rd:16: Lost braces in \itemize; meant \describe ?
checkRd: (-1) airbnb_chunks.Rd:17: Lost braces in \itemize; meant \describe ?
checkRd: (-1) airbnb_chunks.Rd:18: Lost braces in \itemize; meant \describe ?
checkRd: (-1) airbnb_chunks.Rd:19: Lost braces in \itemize; meant \describe ?
checkRd: (-1) crf.Rd:30: Lost braces in \itemize; meant \describe ?
checkRd: (-1) crf.Rd:31: Lost braces in \itemize; meant \describe ?
checkRd: (-1) crf.Rd:32: Lost braces in \itemize; meant \describe ?
checkRd: (-1) crf.Rd:33: Lost braces in \itemize; meant \describe ?
checkRd: (-1) crf.Rd:34: Lost braces in \itemize; meant \describe ?
checkRd: (-1) crf.Rd:52: Lost braces in \itemize; \value handles \item{}{} directly
checkRd: (-1) crf.Rd:53: Lost braces in \itemize; \value handles \item{}{} directly
checkRd: (-1) crf.Rd:54: Lost braces in \itemize; \value handles \item{}{} directly
checkRd: (-1) crf.Rd:55: Lost braces in \itemize; \value handles \item{}{} directly
checkRd: (-1) crf.Rd:56: Lost braces in \itemize; \value handles \item{}{} directly
checkRd: (-1) crf.Rd:57: Lost braces in \itemize; \value handles \item{}{} directly
checkRd: (-1) crf.Rd:58: Lost braces in \itemize; \value handles \item{}{} directly
checkRd: (-1) crf.Rd:59: Lost braces in \itemize; \value handles \item{}{} directly
checkRd: (-1) crf.Rd:60: Lost braces in \itemize; \value handles \item{}{} directly
checkRd: (-1) crf_options.Rd:14: Lost braces in \itemize; meant \describe ?
checkRd: (-1) crf_options.Rd:15: Lost braces in \itemize; meant \describe ?
checkRd: (-1) crf_options.Rd:16: Lost braces in \itemize; meant \describe ?
checkRd: (-1) crf_options.Rd:17: Lost braces in \itemize; meant \describe ?
checkRd: (-1) crf_options.Rd:18: Lost braces in \itemize; meant \describe ?
checkRd: (-1) crf_options.Rd:24: Lost braces in \itemize; \value handles \item{}{} directly
checkRd: (-1) crf_options.Rd:25: Lost braces in \itemize; \value handles \item{}{} directly
checkRd: (-1) crf_options.Rd:26: Lost braces in \itemize; \value handles \item{}{} directly
checkRd: (-1) crf_options.Rd:27: Lost braces in \itemize; \value handles \item{}{} directly
checkRd: (-1) ner_download_modeldata.Rd:20: Lost braces in \itemize; meant \describe ?
checkRd: (-1) ner_download_modeldata.Rd:21: Lost braces in \itemize; meant \describe ?
checkRd: (-1) ner_download_modeldata.Rd:22: Lost braces in \itemize; meant \describe ?
Flavors: r-devel-linux-x86_64-debian-clang, r-devel-linux-x86_64-debian-gcc, r-devel-linux-x86_64-fedora-clang, r-devel-linux-x86_64-fedora-gcc, r-devel-macos-arm64, r-devel-macos-x86_64, r-devel-windows-x86_64, r-patched-linux-x86_64, r-release-linux-x86_64, r-release-macos-arm64, r-release-macos-x86_64, r-release-windows-x86_64
These binaries (installable software) and packages are in development.
They may not be fully stable and should be used with caution. We make no claims about them.