CRAN Package Check Results for Package cricketdata

Last updated on 2025-04-16 00:49:38 CEST.

Flavor Version Tinstall Tcheck Ttotal Status Flags
r-devel-linux-x86_64-debian-clang 0.3.0 6.12 83.66 89.78 OK
r-devel-linux-x86_64-debian-gcc 0.3.0 3.87 60.11 63.98 OK
r-devel-linux-x86_64-fedora-clang 0.3.0 136.76 OK
r-devel-linux-x86_64-fedora-gcc 0.3.0 148.25 OK
r-devel-windows-x86_64 0.3.0 8.00 93.00 101.00 OK
r-patched-linux-x86_64 0.3.0 5.96 80.23 86.19 OK
r-release-linux-x86_64 0.3.0 5.62 80.09 85.71 OK
r-release-macos-arm64 0.3.0 57.00 OK
r-release-macos-x86_64 0.3.0 108.00 OK
r-release-windows-x86_64 0.3.0 9.00 92.00 101.00 OK
r-oldrel-macos-arm64 0.3.0 53.00 NOTE
r-oldrel-macos-x86_64 0.3.0 93.00 NOTE
r-oldrel-windows-x86_64 0.3.0 10.00 114.00 124.00 NOTE

Check Details

Version: 0.3.0
Check: installed package size
Result: NOTE installed size is 5.4Mb sub-directories of 1Mb or more: doc 2.0Mb extdata 2.0Mb Flavors: r-oldrel-macos-arm64, r-oldrel-macos-x86_64, r-oldrel-windows-x86_64

These binaries (installable software) and packages are in development.
They may not be fully stable and should be used with caution. We make no claims about them.