Last updated on 2025-11-12 12:53:07 CET.
| Flavor | Version | Tinstall | Tcheck | Ttotal | Status | Flags |
|---|---|---|---|---|---|---|
| r-devel-linux-x86_64-debian-clang | 0.3.0 | 6.37 | 87.39 | 93.76 | OK | |
| r-devel-linux-x86_64-debian-gcc | 0.3.0 | 4.34 | 63.93 | 68.27 | OK | |
| r-devel-linux-x86_64-fedora-clang | 0.3.0 | 12.00 | 132.76 | 144.76 | OK | |
| r-devel-linux-x86_64-fedora-gcc | 0.3.0 | 12.00 | 134.09 | 146.09 | OK | |
| r-devel-windows-x86_64 | 0.3.0 | 7.00 | 116.00 | 123.00 | OK | |
| r-patched-linux-x86_64 | 0.3.0 | 6.22 | 84.42 | 90.64 | OK | |
| r-release-linux-x86_64 | 0.3.0 | 5.32 | 85.57 | 90.89 | OK | |
| r-release-macos-arm64 | 0.3.0 | 3.00 | 54.00 | 57.00 | OK | |
| r-release-macos-x86_64 | 0.3.0 | 10.00 | 98.00 | 108.00 | OK | |
| r-release-windows-x86_64 | 0.3.0 | 9.00 | 91.00 | 100.00 | OK | |
| r-oldrel-macos-arm64 | 0.3.0 | 3.00 | 50.00 | 53.00 | NOTE | |
| r-oldrel-macos-x86_64 | 0.3.0 | 4.00 | 89.00 | 93.00 | NOTE | |
| r-oldrel-windows-x86_64 | 0.3.0 | 12.00 | 115.00 | 127.00 | NOTE |
Version: 0.3.0
Check: installed package size
Result: NOTE
installed size is 5.4Mb
sub-directories of 1Mb or more:
doc 2.0Mb
extdata 2.0Mb
Flavors: r-oldrel-macos-arm64, r-oldrel-macos-x86_64, r-oldrel-windows-x86_64
These binaries (installable software) and packages are in development.
They may not be fully stable and should be used with caution. We make no claims about them.