CRAN Package Check Results for Package cricketdata

Last updated on 2025-05-08 04:52:02 CEST.

Flavor Version Tinstall Tcheck Ttotal Status Flags
r-devel-linux-x86_64-debian-clang 0.3.0 6.34 84.47 90.81 OK
r-devel-linux-x86_64-debian-gcc 0.3.0 3.88 59.56 63.44 OK
r-devel-linux-x86_64-fedora-clang 0.3.0 136.76 OK
r-devel-linux-x86_64-fedora-gcc 0.3.0 147.38 OK
r-devel-windows-x86_64 0.3.0 8.00 98.00 106.00 OK
r-patched-linux-x86_64 0.3.0 5.17 81.53 86.70 OK
r-release-linux-x86_64 0.3.0 5.31 80.57 85.88 OK
r-release-macos-arm64 0.3.0 57.00 OK
r-release-macos-x86_64 0.3.0 108.00 OK
r-release-windows-x86_64 0.3.0 8.00 95.00 103.00 OK
r-oldrel-macos-arm64 0.3.0 53.00 NOTE
r-oldrel-macos-x86_64 0.3.0 93.00 NOTE
r-oldrel-windows-x86_64 0.3.0 11.00 112.00 123.00 NOTE

Check Details

Version: 0.3.0
Check: installed package size
Result: NOTE installed size is 5.4Mb sub-directories of 1Mb or more: doc 2.0Mb extdata 2.0Mb Flavors: r-oldrel-macos-arm64, r-oldrel-macos-x86_64, r-oldrel-windows-x86_64

These binaries (installable software) and packages are in development.
They may not be fully stable and should be used with caution. We make no claims about them.