CRAN Package Check Results for Package criticalpath

Last updated on 2025-11-13 09:50:42 CET.

Flavor Version Tinstall Tcheck Ttotal Status Flags
r-devel-linux-x86_64-debian-clang 0.2.1 3.96 65.73 69.69 NOTE
r-devel-linux-x86_64-debian-gcc 0.2.1 3.16 45.77 48.93 NOTE
r-devel-linux-x86_64-fedora-clang 0.2.1 11.00 90.91 101.91 OK
r-devel-linux-x86_64-fedora-gcc 0.2.1 106.62 OK
r-devel-windows-x86_64 0.2.1 7.00 85.00 92.00 OK
r-patched-linux-x86_64 0.2.1 5.00 61.35 66.35 OK
r-release-linux-x86_64 0.2.1 4.43 61.67 66.10 OK
r-release-macos-arm64 0.2.1 4.00 42.00 46.00 OK
r-release-macos-x86_64 0.2.1 4.00 65.00 69.00 OK
r-release-windows-x86_64 0.2.1 7.00 81.00 88.00 OK
r-oldrel-macos-arm64 0.2.1 2.00 33.00 35.00 OK
r-oldrel-macos-x86_64 0.2.1 3.00 48.00 51.00 OK
r-oldrel-windows-x86_64 0.2.1 8.00 100.00 108.00 OK

Check Details

Version: 0.2.1
Check: CRAN incoming feasibility
Result: NOTE Maintainer: ‘Rubens Jose Rosa <rubens@rubensjoserosa.com>’ Package CITATION file contains call(s) to old-style personList() or as.personList(). Please use c() on person objects instead. Package CITATION file contains call(s) to old-style citEntry(). Please use bibentry() instead. Flavors: r-devel-linux-x86_64-debian-clang, r-devel-linux-x86_64-debian-gcc

These binaries (installable software) and packages are in development.
They may not be fully stable and should be used with caution. We make no claims about them.