Last updated on 2025-07-02 01:51:34 CEST.
Flavor | Version | Tinstall | Tcheck | Ttotal | Status | Flags |
---|---|---|---|---|---|---|
r-devel-linux-x86_64-debian-clang | 0.2.1 | 5.20 | 63.60 | 68.80 | NOTE | |
r-devel-linux-x86_64-debian-gcc | 0.2.1 | 3.11 | 43.71 | 46.82 | NOTE | |
r-devel-linux-x86_64-fedora-clang | 0.2.1 | 93.52 | OK | |||
r-devel-linux-x86_64-fedora-gcc | 0.2.1 | 105.40 | OK | |||
r-devel-windows-x86_64 | 0.2.1 | 5.00 | 89.00 | 94.00 | OK | |
r-patched-linux-x86_64 | OK | |||||
r-release-linux-x86_64 | 0.2.1 | 4.57 | 59.60 | 64.17 | OK | |
r-release-macos-arm64 | 0.2.1 | 46.00 | OK | |||
r-release-macos-x86_64 | 0.2.1 | 69.00 | OK | |||
r-release-windows-x86_64 | 0.2.1 | 6.00 | 84.00 | 90.00 | OK | |
r-oldrel-macos-arm64 | 0.2.1 | 35.00 | OK | |||
r-oldrel-macos-x86_64 | 0.2.1 | 51.00 | OK | |||
r-oldrel-windows-x86_64 | 0.2.1 | 7.00 | 101.00 | 108.00 | OK |
Version: 0.2.1
Check: CRAN incoming feasibility
Result: NOTE
Maintainer: ‘Rubens Jose Rosa <rubens@rubensjoserosa.com>’
Package CITATION file contains call(s) to old-style personList() or
as.personList(). Please use c() on person objects instead.
Package CITATION file contains call(s) to old-style citEntry(). Please
use bibentry() instead.
Flavors: r-devel-linux-x86_64-debian-clang, r-devel-linux-x86_64-debian-gcc
These binaries (installable software) and packages are in development.
They may not be fully stable and should be used with caution. We make no claims about them.