Last updated on 2025-05-01 14:49:07 CEST.
Flavor | Version | Tinstall | Tcheck | Ttotal | Status | Flags |
---|---|---|---|---|---|---|
r-devel-linux-x86_64-debian-clang | 0.2.2 | 6.50 | 89.53 | 96.03 | NOTE | |
r-devel-linux-x86_64-debian-gcc | 0.2.2 | 4.70 | 63.05 | 67.75 | NOTE | |
r-devel-linux-x86_64-fedora-clang | 0.2.2 | 141.32 | OK | |||
r-devel-linux-x86_64-fedora-gcc | 0.2.2 | 145.09 | OK | |||
r-devel-windows-x86_64 | 0.2.2 | 9.00 | 102.00 | 111.00 | OK | |
r-patched-linux-x86_64 | 0.2.2 | 7.12 | 82.24 | 89.36 | OK | |
r-release-linux-x86_64 | OK | |||||
r-release-macos-arm64 | 0.2.2 | 47.00 | OK | |||
r-release-macos-x86_64 | 0.2.2 | 114.00 | OK | |||
r-release-windows-x86_64 | 0.2.2 | 9.00 | 108.00 | 117.00 | OK | |
r-oldrel-macos-arm64 | 0.2.2 | 47.00 | NOTE | |||
r-oldrel-macos-x86_64 | 0.2.2 | 70.00 | NOTE | |||
r-oldrel-windows-x86_64 | 0.2.2 | 13.00 | 121.00 | 134.00 | NOTE |
Version: 0.2.2
Check: CRAN incoming feasibility
Result: NOTE
Maintainer: ‘Adam Kucharski <aqcharski@interia.pl>’
No Authors@R field in DESCRIPTION.
Please add one, modifying
Authors@R: person(given = "Adam",
family = "Kucharski",
role = c("aut", "cre"),
email = "aqcharski@interia.pl")
as necessary.
Flavors: r-devel-linux-x86_64-debian-clang, r-devel-linux-x86_64-debian-gcc
Version: 0.2.2
Check: installed package size
Result: NOTE
installed size is 6.5Mb
sub-directories of 1Mb or more:
doc 6.4Mb
Flavors: r-oldrel-macos-arm64, r-oldrel-macos-x86_64, r-oldrel-windows-x86_64
These binaries (installable software) and packages are in development.
They may not be fully stable and should be used with caution. We make no claims about them.