CRAN Package Check Results for Package cromwellDashboard

Last updated on 2025-10-03 01:49:41 CEST.

Flavor Version Tinstall Tcheck Ttotal Status Flags
r-devel-linux-x86_64-debian-clang 0.5.1 3.62 31.00 34.62 NOTE
r-devel-linux-x86_64-debian-gcc 0.5.1 2.72 24.64 27.36 NOTE
r-devel-linux-x86_64-fedora-clang 0.5.1 48.33 OK
r-devel-linux-x86_64-fedora-gcc 0.5.1 48.09 OK
r-devel-windows-x86_64 0.5.1 6.00 48.00 54.00 OK
r-patched-linux-x86_64 0.5.1 3.64 29.81 33.45 OK
r-release-linux-x86_64 0.5.1 2.94 29.29 32.23 OK
r-release-macos-arm64 0.5.1 21.00 OK
r-release-macos-x86_64 0.5.1 32.00 OK
r-release-windows-x86_64 0.5.1 6.00 48.00 54.00 OK
r-oldrel-macos-arm64 0.5.1 20.00 NOTE
r-oldrel-macos-x86_64 0.5.1 28.00 NOTE
r-oldrel-windows-x86_64 0.5.1 7.00 55.00 62.00 NOTE

Check Details

Version: 0.5.1
Check: CRAN incoming feasibility
Result: NOTE Maintainer: ‘Xiaowei Zhan <zhanxw@gmail.com>’ No Authors@R field in DESCRIPTION. Please add one, modifying Authors@R: person(given = "Xiaowei", family = "Zhan", role = c("aut", "cre"), email = "zhanxw@gmail.com") as necessary. Flavors: r-devel-linux-x86_64-debian-clang, r-devel-linux-x86_64-debian-gcc

Version: 0.5.1
Check: LazyData
Result: NOTE 'LazyData' is specified without a 'data' directory Flavors: r-oldrel-macos-arm64, r-oldrel-macos-x86_64, r-oldrel-windows-x86_64

These binaries (installable software) and packages are in development.
They may not be fully stable and should be used with caution. We make no claims about them.