Last updated on 2025-05-03 22:49:50 CEST.
Flavor | Version | Tinstall | Tcheck | Ttotal | Status | Flags |
---|---|---|---|---|---|---|
r-devel-linux-x86_64-debian-clang | 0.2.0 | 1.20 | 20.21 | 21.41 | NOTE | |
r-devel-linux-x86_64-debian-gcc | 0.2.0 | 1.38 | 16.59 | 17.97 | NOTE | |
r-devel-linux-x86_64-fedora-clang | 0.2.0 | 32.81 | OK | |||
r-devel-linux-x86_64-fedora-gcc | 0.2.0 | 31.59 | OK | |||
r-devel-windows-x86_64 | 0.2.0 | 2.00 | 41.00 | 43.00 | OK | |
r-patched-linux-x86_64 | 0.2.0 | 1.58 | 18.39 | 19.97 | OK | |
r-release-linux-x86_64 | OK | |||||
r-release-macos-arm64 | 0.2.0 | 16.00 | OK | |||
r-release-macos-x86_64 | 0.2.0 | 22.00 | OK | |||
r-release-windows-x86_64 | 0.2.0 | 3.00 | 40.00 | 43.00 | OK | |
r-oldrel-macos-arm64 | 0.2.0 | 16.00 | OK | |||
r-oldrel-macos-x86_64 | 0.2.0 | 23.00 | OK | |||
r-oldrel-windows-x86_64 | 0.2.0 | 3.00 | 45.00 | 48.00 | OK |
Version: 0.2.0
Check: CRAN incoming feasibility
Result: NOTE
Maintainer: ‘Mohamed El Fodil Ihaddaden <ihaddaden.fodeil@gmail.com>’
No Authors@R field in DESCRIPTION.
Please add one, modifying
Authors@R: person(given = c("Mohamed", "El", "Fodil"),
family = "Ihaddaden",
role = c("aut", "cre"),
email = "ihaddaden.fodeil@gmail.com")
as necessary.
Flavors: r-devel-linux-x86_64-debian-clang, r-devel-linux-x86_64-debian-gcc
These binaries (installable software) and packages are in development.
They may not be fully stable and should be used with caution. We make no claims about them.