Last updated on 2025-02-07 08:51:09 CET.
Flavor | Version | Tinstall | Tcheck | Ttotal | Status | Flags |
---|---|---|---|---|---|---|
r-devel-linux-x86_64-debian-clang | 0.2.4 | 2.71 | 25.93 | 28.64 | NOTE | |
r-devel-linux-x86_64-debian-gcc | 0.2.4 | 2.15 | 19.92 | 22.07 | NOTE | |
r-devel-linux-x86_64-fedora-clang | 0.2.4 | 49.21 | NOTE | |||
r-devel-linux-x86_64-fedora-gcc | 0.2.4 | 42.75 | NOTE | |||
r-devel-windows-x86_64 | 0.2.4 | 4.00 | 47.00 | 51.00 | NOTE | |
r-patched-linux-x86_64 | 0.2.4 | 2.87 | 23.68 | 26.55 | OK | |
r-release-linux-x86_64 | 0.2.4 | 2.29 | 23.81 | 26.10 | OK | |
r-release-macos-arm64 | 0.2.4 | 20.00 | OK | |||
r-release-macos-x86_64 | 0.2.4 | 25.00 | OK | |||
r-release-windows-x86_64 | 0.2.4 | 4.00 | 45.00 | 49.00 | OK | |
r-oldrel-macos-arm64 | 0.2.4 | 21.00 | OK | |||
r-oldrel-macos-x86_64 | 0.2.4 | 41.00 | OK | |||
r-oldrel-windows-x86_64 | 0.2.4 | 5.00 | 50.00 | 55.00 | OK |
Version: 0.2.4
Check: DESCRIPTION meta-information
Result: NOTE
Missing dependency on R >= 4.1.0 because package code uses the pipe
|> or function shorthand \(...) syntax added in R 4.1.0.
File(s) using such syntax:
‘crop.R’ ‘helpers.R’
Flavors: r-devel-linux-x86_64-debian-clang, r-devel-linux-x86_64-debian-gcc, r-devel-linux-x86_64-fedora-clang, r-devel-linux-x86_64-fedora-gcc, r-devel-windows-x86_64
These binaries (installable software) and packages are in development.
They may not be fully stable and should be used with caution. We make no claims about them.