Last updated on 2025-05-07 22:48:24 CEST.
Flavor | Version | Tinstall | Tcheck | Ttotal | Status | Flags |
---|---|---|---|---|---|---|
r-devel-linux-x86_64-debian-clang | 0.2.4 | 2.73 | 27.10 | 29.83 | NOTE | |
r-devel-linux-x86_64-debian-gcc | 0.2.4 | 2.17 | 21.19 | 23.36 | NOTE | |
r-devel-linux-x86_64-fedora-clang | 0.2.4 | 44.08 | NOTE | |||
r-devel-linux-x86_64-fedora-gcc | 0.2.4 | 43.41 | NOTE | |||
r-devel-windows-x86_64 | 0.2.4 | 4.00 | 46.00 | 50.00 | NOTE | |
r-patched-linux-x86_64 | 0.2.4 | 2.67 | 24.51 | 27.18 | NOTE | |
r-release-linux-x86_64 | 0.2.4 | 2.73 | 24.46 | 27.19 | NOTE | |
r-release-macos-arm64 | 0.2.4 | 22.00 | NOTE | |||
r-release-macos-x86_64 | 0.2.4 | 35.00 | NOTE | |||
r-release-windows-x86_64 | 0.2.4 | 4.00 | 47.00 | 51.00 | NOTE | |
r-oldrel-macos-arm64 | 0.2.4 | 20.00 | OK | |||
r-oldrel-macos-x86_64 | 0.2.4 | 25.00 | OK | |||
r-oldrel-windows-x86_64 | 0.2.4 | 4.00 | 50.00 | 54.00 | OK |
Version: 0.2.4
Check: DESCRIPTION meta-information
Result: NOTE
Missing dependency on R >= 4.1.0 because package code uses the pipe
|> or function shorthand \(...) syntax added in R 4.1.0.
File(s) using such syntax:
‘crop.R’ ‘helpers.R’
Flavors: r-devel-linux-x86_64-debian-clang, r-devel-linux-x86_64-debian-gcc, r-devel-linux-x86_64-fedora-clang, r-devel-linux-x86_64-fedora-gcc, r-devel-windows-x86_64, r-patched-linux-x86_64, r-release-linux-x86_64, r-release-macos-arm64, r-release-macos-x86_64, r-release-windows-x86_64
These binaries (installable software) and packages are in development.
They may not be fully stable and should be used with caution. We make no claims about them.