Last updated on 2025-02-19 16:50:45 CET.
Flavor | Version | Tinstall | Tcheck | Ttotal | Status | Flags |
---|---|---|---|---|---|---|
r-devel-linux-x86_64-debian-clang | 1.1-2 | 2.25 | 24.12 | 26.37 | OK | |
r-devel-linux-x86_64-debian-gcc | 1.1-2 | 1.77 | 18.91 | 20.68 | OK | |
r-devel-linux-x86_64-fedora-clang | 1.1-2 | 42.93 | OK | |||
r-devel-linux-x86_64-fedora-gcc | 1.1-2 | 39.79 | OK | |||
r-devel-macos-arm64 | 1.1-2 | 17.00 | OK | |||
r-devel-macos-x86_64 | 1.1-2 | 33.00 | OK | |||
r-devel-windows-x86_64 | 1.1-2 | 4.00 | 50.00 | 54.00 | OK | |
r-patched-linux-x86_64 | 1.1-2 | 2.62 | 23.27 | 25.89 | OK | |
r-release-linux-x86_64 | 1.1-2 | 2.13 | 23.22 | 25.35 | OK | |
r-release-macos-arm64 | 1.1-2 | 22.00 | OK | |||
r-release-macos-x86_64 | 1.1-2 | 26.00 | OK | |||
r-release-windows-x86_64 | 1.1-2 | 3.00 | 3.00 | 6.00 | FAIL | |
r-oldrel-macos-arm64 | 1.1-2 | 18.00 | OK | |||
r-oldrel-macos-x86_64 | 1.1-2 | 25.00 | OK | |||
r-oldrel-windows-x86_64 | 1.1-2 | 5.00 | 65.00 | 70.00 | OK |
Version: 1.1-2
Check: package dependencies
Result: FAIL
Flavor: r-release-windows-x86_64
These binaries (installable software) and packages are in development.
They may not be fully stable and should be used with caution. We make no claims about them.