CRAN Package Check Results for Package crossdes

Last updated on 2025-07-20 05:48:20 CEST.

Flavor Version Tinstall Tcheck Ttotal Status Flags
r-devel-linux-x86_64-debian-clang 1.1-2 2.13 25.62 27.75 NOTE
r-devel-linux-x86_64-debian-gcc 1.1-2 1.76 20.38 22.14 NOTE
r-devel-linux-x86_64-fedora-clang 1.1-2 39.94 OK
r-devel-linux-x86_64-fedora-gcc 1.1-2 38.21 OK
r-devel-windows-x86_64 1.1-2 4.00 48.00 52.00 OK
r-patched-linux-x86_64 1.1-2 2.37 24.15 26.52 OK
r-release-linux-x86_64 1.1-2 2.19 24.46 26.65 OK
r-release-macos-arm64 1.1-2 18.00 OK
r-release-macos-x86_64 1.1-2 31.00 OK
r-release-windows-x86_64 1.1-2 5.00 48.00 53.00 OK
r-oldrel-macos-arm64 1.1-2 22.00 OK
r-oldrel-macos-x86_64 1.1-2 26.00 OK
r-oldrel-windows-x86_64 1.1-2 4.00 52.00 56.00 OK

Check Details

Version: 1.1-2
Check: CRAN incoming feasibility
Result: NOTE Maintainer: ‘Bjoern Bornkamp <bbnkmp@mail.de>’ No Authors@R field in DESCRIPTION. Please add one, modifying Authors@R: c(person(given = c("Martin", "Oliver"), family = "Sailer", role = "aut"), person(given = "Bjoern", family = "Bornkamp", role = "cre", email = "bbnkmp@mail.de")) as necessary. Flavors: r-devel-linux-x86_64-debian-clang, r-devel-linux-x86_64-debian-gcc

These binaries (installable software) and packages are in development.
They may not be fully stable and should be used with caution. We make no claims about them.