Last updated on 2025-05-01 12:49:25 CEST.
Flavor | Version | Tinstall | Tcheck | Ttotal | Status | Flags |
---|---|---|---|---|---|---|
r-devel-linux-x86_64-debian-clang | 1.0.5 | 1.46 | 19.68 | 21.14 | NOTE | |
r-devel-linux-x86_64-debian-gcc | 1.0.5 | 1.29 | 16.52 | 17.81 | NOTE | |
r-devel-linux-x86_64-fedora-clang | 1.0.5 | 33.32 | OK | |||
r-devel-linux-x86_64-fedora-gcc | 1.0.5 | 32.49 | OK | |||
r-devel-windows-x86_64 | 1.0.5 | 2.00 | 51.00 | 53.00 | OK | |
r-patched-linux-x86_64 | 1.0.5 | 1.65 | 18.98 | 20.63 | OK | |
r-release-linux-x86_64 | OK | |||||
r-release-macos-arm64 | 1.0.5 | 17.00 | OK | |||
r-release-macos-x86_64 | 1.0.5 | 27.00 | OK | |||
r-release-windows-x86_64 | 1.0.5 | 3.00 | 56.00 | 59.00 | OK | |
r-oldrel-macos-arm64 | 1.0.5 | 15.00 | OK | |||
r-oldrel-macos-x86_64 | 1.0.5 | 23.00 | OK | |||
r-oldrel-windows-x86_64 | 1.0.5 | 3.00 | 46.00 | 49.00 | OK |
Version: 1.0.5
Check: CRAN incoming feasibility
Result: NOTE
Maintainer: ‘Korbinian Strimmer <strimmerlab@gmail.com>’
No Authors@R field in DESCRIPTION.
Please add one, modifying
Authors@R: c(person(given = "Korbinian",
family = "Strimmer.",
role = "aut"),
person(given = "Korbinian",
family = "Strimmer",
role = "cre",
email = "strimmerlab@gmail.com"))
as necessary.
Flavors: r-devel-linux-x86_64-debian-clang, r-devel-linux-x86_64-debian-gcc
These binaries (installable software) and packages are in development.
They may not be fully stable and should be used with caution. We make no claims about them.