Last updated on 2025-10-23 23:49:26 CEST.
| Flavor | Version | Tinstall | Tcheck | Ttotal | Status | Flags |
|---|---|---|---|---|---|---|
| r-devel-linux-x86_64-debian-clang | 1.0.5 | 1.53 | 21.89 | 23.42 | NOTE | |
| r-devel-linux-x86_64-debian-gcc | 1.0.5 | 1.34 | 18.08 | 19.42 | NOTE | |
| r-devel-linux-x86_64-fedora-clang | 1.0.5 | 28.17 | OK | |||
| r-devel-linux-x86_64-fedora-gcc | 1.0.5 | 32.37 | OK | |||
| r-devel-windows-x86_64 | 1.0.5 | 3.00 | 46.00 | 49.00 | OK | |
| r-patched-linux-x86_64 | 1.0.5 | 1.46 | 21.01 | 22.47 | OK | |
| r-release-linux-x86_64 | 1.0.5 | 1.62 | 20.64 | 22.26 | OK | |
| r-release-macos-arm64 | 1.0.5 | 1.00 | 16.00 | 17.00 | OK | |
| r-release-macos-x86_64 | 1.0.5 | 1.00 | 26.00 | 27.00 | OK | |
| r-release-windows-x86_64 | 1.0.5 | 3.00 | 47.00 | 50.00 | OK | |
| r-oldrel-macos-arm64 | 1.0.5 | 1.00 | 14.00 | 15.00 | OK | |
| r-oldrel-macos-x86_64 | 1.0.5 | 1.00 | 22.00 | 23.00 | OK | |
| r-oldrel-windows-x86_64 | 1.0.5 | 4.00 | 48.00 | 52.00 | OK |
Version: 1.0.5
Check: CRAN incoming feasibility
Result: NOTE
Maintainer: ‘Korbinian Strimmer <strimmerlab@gmail.com>’
No Authors@R field in DESCRIPTION.
Please add one, modifying
Authors@R: c(person(given = "Korbinian",
family = "Strimmer.",
role = "aut"),
person(given = "Korbinian",
family = "Strimmer",
role = "cre",
email = "strimmerlab@gmail.com"))
as necessary.
Flavors: r-devel-linux-x86_64-debian-clang, r-devel-linux-x86_64-debian-gcc
These binaries (installable software) and packages are in development.
They may not be fully stable and should be used with caution. We make no claims about them.