Last updated on 2025-02-16 10:50:44 CET.
Flavor | Version | Tinstall | Tcheck | Ttotal | Status | Flags |
---|---|---|---|---|---|---|
r-devel-linux-x86_64-debian-clang | 1.1.2 | 9.68 | 56.46 | 66.14 | OK | |
r-devel-linux-x86_64-debian-gcc | 1.1.2 | 7.72 | 42.18 | 49.90 | OK | |
r-devel-linux-x86_64-fedora-clang | 1.1.2 | 106.49 | NOTE | |||
r-devel-linux-x86_64-fedora-gcc | 1.1.2 | 108.72 | NOTE | |||
r-devel-macos-arm64 | 1.1.2 | 37.00 | OK | |||
r-devel-macos-x86_64 | 1.1.2 | 60.00 | OK | |||
r-devel-windows-x86_64 | 1.1.2 | 13.00 | 79.00 | 92.00 | OK | |
r-patched-linux-x86_64 | 1.1.2 | 10.15 | 52.54 | 62.69 | OK | |
r-release-linux-x86_64 | 1.1.2 | 9.91 | 52.00 | 61.91 | OK | |
r-release-macos-arm64 | 1.1.2 | 36.00 | OK | |||
r-release-macos-x86_64 | 1.1.2 | 47.00 | OK | |||
r-release-windows-x86_64 | 1.1.2 | 13.00 | 80.00 | 93.00 | OK | |
r-oldrel-macos-arm64 | 1.1.2 | 39.00 | OK | |||
r-oldrel-macos-x86_64 | 1.1.2 | 59.00 | OK | |||
r-oldrel-windows-x86_64 | 1.1.2 | 16.00 | 87.00 | 103.00 | OK |
Version: 1.1.2
Check: compiled code
Result: NOTE
File ‘crrSC/libs/crrSC.so’:
Found no calls to: ‘R_registerRoutines’, ‘R_useDynamicSymbols’
It is good practice to register native routines and to disable symbol
search.
See ‘Writing portable packages’ in the ‘Writing R Extensions’ manual.
Flavors: r-devel-linux-x86_64-fedora-clang, r-devel-linux-x86_64-fedora-gcc
These binaries (installable software) and packages are in development.
They may not be fully stable and should be used with caution. We make no claims about them.