Last updated on 2025-05-22 09:51:36 CEST.
Flavor | Version | Tinstall | Tcheck | Ttotal | Status | Flags |
---|---|---|---|---|---|---|
r-devel-linux-x86_64-debian-clang | 1.1.2 | 8.80 | 57.29 | 66.09 | NOTE | |
r-devel-linux-x86_64-debian-gcc | 1.1.2 | 7.06 | 41.65 | 48.71 | NOTE | |
r-devel-linux-x86_64-fedora-clang | 1.1.2 | 100.65 | NOTE | |||
r-devel-linux-x86_64-fedora-gcc | 1.1.2 | 102.26 | NOTE | |||
r-devel-windows-x86_64 | 1.1.2 | 15.00 | 101.00 | 116.00 | OK | |
r-patched-linux-x86_64 | 1.1.2 | 9.35 | 54.73 | 64.08 | OK | |
r-release-linux-x86_64 | 1.1.2 | 9.26 | 54.70 | 63.96 | OK | |
r-release-macos-arm64 | 1.1.2 | 39.00 | OK | |||
r-release-macos-x86_64 | 1.1.2 | 62.00 | OK | |||
r-release-windows-x86_64 | 1.1.2 | 13.00 | 127.00 | 140.00 | OK | |
r-oldrel-macos-arm64 | 1.1.2 | 36.00 | OK | |||
r-oldrel-macos-x86_64 | 1.1.2 | 47.00 | OK | |||
r-oldrel-windows-x86_64 | 1.1.2 | 17.00 | 90.00 | 107.00 | OK |
Version: 1.1.2
Check: CRAN incoming feasibility
Result: NOTE
Maintainer: ‘Aurelien Latouche <aurelien.latouche@cnam.fr>’
No Authors@R field in DESCRIPTION.
Please add one, modifying
Authors@R: c(person(given = "Bingqing",
family = "Zhou",
role = "aut"),
person(given = "Aurelien",
family = "Latouche",
role = c("aut", "cre"),
email = "aurelien.latouche@cnam.fr"))
as necessary.
Flavors: r-devel-linux-x86_64-debian-clang, r-devel-linux-x86_64-debian-gcc
Version: 1.1.2
Check: compiled code
Result: NOTE
File ‘crrSC/libs/crrSC.so’:
Found no calls to: ‘R_registerRoutines’, ‘R_useDynamicSymbols’
It is good practice to register native routines and to disable symbol
search.
See ‘Writing portable packages’ in the ‘Writing R Extensions’ manual.
Flavors: r-devel-linux-x86_64-fedora-clang, r-devel-linux-x86_64-fedora-gcc
These binaries (installable software) and packages are in development.
They may not be fully stable and should be used with caution. We make no claims about them.