Last updated on 2025-11-12 23:50:41 CET.
| Flavor | Version | Tinstall | Tcheck | Ttotal | Status | Flags |
|---|---|---|---|---|---|---|
| r-devel-linux-x86_64-debian-clang | 0.15-38 | 231.89 | 208.30 | 440.19 | NOTE | |
| r-devel-linux-x86_64-debian-gcc | 0.15-38 | 178.75 | 163.32 | 342.07 | NOTE | |
| r-devel-linux-x86_64-fedora-clang | 0.15-38 | 600.00 | 187.53 | 787.53 | OK | |
| r-devel-linux-x86_64-fedora-gcc | 0.15-38 | 554.00 | 239.48 | 793.48 | OK | |
| r-devel-windows-x86_64 | 0.15-38 | 292.00 | 182.00 | 474.00 | OK | --no-vignettes |
| r-patched-linux-x86_64 | 0.15-38 | 257.26 | 204.91 | 462.17 | NOTE | |
| r-release-linux-x86_64 | 0.15-38 | 261.64 | 202.94 | 464.58 | NOTE | |
| r-release-macos-arm64 | 0.15-38 | 102.00 | 153.00 | 255.00 | OK | |
| r-release-macos-x86_64 | 0.15-38 | 92.00 | 214.00 | 306.00 | OK | |
| r-release-windows-x86_64 | 0.15-38 | 284.00 | 208.00 | 492.00 | OK | --no-vignettes |
| r-oldrel-macos-arm64 | 0.15-38 | 98.00 | 128.00 | 226.00 | NOTE | |
| r-oldrel-macos-x86_64 | 0.15-38 | 79.00 | 177.00 | 256.00 | NOTE | |
| r-oldrel-windows-x86_64 | 0.15-38 | 355.00 | 183.00 | 538.00 | OK | --no-vignettes |
Version: 0.15-38
Check: for unstated dependencies in ‘demo’
Result: NOTE
'library' or 'require' call not declared from: ‘ggplot2’
Flavors: r-devel-linux-x86_64-debian-clang, r-devel-linux-x86_64-debian-gcc, r-patched-linux-x86_64, r-release-linux-x86_64
Version: 0.15-38
Check: installed package size
Result: NOTE
installed size is 29.3Mb
sub-directories of 1Mb or more:
libs 27.6Mb
Flavors: r-oldrel-macos-arm64, r-oldrel-macos-x86_64
These binaries (installable software) and packages are in development.
They may not be fully stable and should be used with caution. We make no claims about them.