Last updated on 2025-07-24 21:49:42 CEST.
Flavor | Version | Tinstall | Tcheck | Ttotal | Status | Flags |
---|---|---|---|---|---|---|
r-devel-linux-x86_64-debian-clang | 0.15-38 | 243.92 | 204.29 | 448.21 | NOTE | |
r-devel-linux-x86_64-debian-gcc | 0.15-38 | 181.58 | 159.80 | 341.38 | NOTE | |
r-devel-linux-x86_64-fedora-clang | 0.15-38 | 791.50 | OK | |||
r-devel-linux-x86_64-fedora-gcc | 0.15-38 | 791.61 | OK | |||
r-devel-windows-x86_64 | 0.15-38 | 286.00 | 191.00 | 477.00 | OK | --no-vignettes |
r-patched-linux-x86_64 | 0.15-38 | 255.60 | 198.89 | 454.49 | NOTE | |
r-release-linux-x86_64 | 0.15-38 | 255.14 | 195.19 | 450.33 | NOTE | |
r-release-macos-arm64 | 0.15-38 | 255.00 | OK | |||
r-release-macos-x86_64 | 0.15-38 | 306.00 | OK | |||
r-release-windows-x86_64 | 0.15-38 | 285.00 | 239.00 | 524.00 | OK | --no-vignettes |
r-oldrel-macos-arm64 | 0.15-38 | 226.00 | NOTE | |||
r-oldrel-macos-x86_64 | 0.15-38 | 256.00 | NOTE | |||
r-oldrel-windows-x86_64 | 0.15-38 | 345.00 | 176.00 | 521.00 | OK | --no-vignettes |
Version: 0.15-38
Check: for unstated dependencies in ‘demo’
Result: NOTE
'library' or 'require' call not declared from: ‘ggplot2’
Flavors: r-devel-linux-x86_64-debian-clang, r-devel-linux-x86_64-debian-gcc, r-patched-linux-x86_64, r-release-linux-x86_64
Version: 0.15-38
Check: installed package size
Result: NOTE
installed size is 29.3Mb
sub-directories of 1Mb or more:
libs 27.6Mb
Flavors: r-oldrel-macos-arm64, r-oldrel-macos-x86_64
These binaries (installable software) and packages are in development.
They may not be fully stable and should be used with caution. We make no claims about them.