Last updated on 2025-07-02 03:50:38 CEST.
Flavor | Version | Tinstall | Tcheck | Ttotal | Status | Flags |
---|---|---|---|---|---|---|
r-devel-linux-x86_64-debian-clang | 0.1.1 | 3.00 | 327.86 | 330.86 | NOTE | |
r-devel-linux-x86_64-debian-gcc | 0.1.1 | 2.23 | 197.64 | 199.87 | NOTE | |
r-devel-linux-x86_64-fedora-clang | 0.1.1 | 526.85 | OK | |||
r-devel-linux-x86_64-fedora-gcc | 0.1.1 | 536.27 | OK | |||
r-devel-windows-x86_64 | 0.1.1 | 4.00 | 288.00 | 292.00 | OK | |
r-patched-linux-x86_64 | OK | |||||
r-release-linux-x86_64 | 0.1.1 | 2.93 | 302.18 | 305.11 | OK | |
r-release-macos-arm64 | 0.1.1 | 137.00 | OK | |||
r-release-macos-x86_64 | 0.1.1 | 291.00 | OK | |||
r-release-windows-x86_64 | 0.1.1 | 4.00 | 283.00 | 287.00 | OK | |
r-oldrel-macos-arm64 | 0.1.1 | 119.00 | OK | |||
r-oldrel-macos-x86_64 | 0.1.1 | 211.00 | OK | |||
r-oldrel-windows-x86_64 | 0.1.1 | 5.00 | 387.00 | 392.00 | OK |
Version: 0.1.1
Check: CRAN incoming feasibility
Result: NOTE
Maintainer: ‘Michael Klein <michael.klein@yale.edu>’
No Authors@R field in DESCRIPTION.
Please add one, modifying
Authors@R: person(given = "Michael",
family = "Klein",
role = c("aut", "cre"),
email = "michael.klein@yale.edu")
as necessary.
Flavors: r-devel-linux-x86_64-debian-clang, r-devel-linux-x86_64-debian-gcc
These binaries (installable software) and packages are in development.
They may not be fully stable and should be used with caution. We make no claims about them.