Last updated on 2024-07-27 15:50:14 CEST.
Flavor | Version | Tinstall | Tcheck | Ttotal | Status | Flags |
---|---|---|---|---|---|---|
r-devel-linux-x86_64-debian-clang | 0.2.3 | 12.20 | 116.61 | 128.81 | OK | |
r-devel-linux-x86_64-debian-gcc | 0.2.3 | NOTE | ||||
r-devel-linux-x86_64-fedora-clang | 0.2.3 | 161.11 | NOTE | |||
r-devel-linux-x86_64-fedora-gcc | 0.2.3 | 163.87 | NOTE | |||
r-devel-windows-x86_64 | 0.2.3 | 16.00 | 103.00 | 119.00 | NOTE | |
r-patched-linux-x86_64 | 0.2.3 | OK | ||||
r-release-linux-x86_64 | 0.2.3 | 9.60 | 111.31 | 120.91 | OK | |
r-release-macos-arm64 | 0.2.3 | 53.00 | OK | |||
r-release-macos-x86_64 | 0.2.3 | 75.00 | OK | |||
r-release-windows-x86_64 | 0.2.3 | 12.00 | 103.00 | 115.00 | OK | |
r-oldrel-macos-arm64 | 0.2.3 | 56.00 | OK | |||
r-oldrel-macos-x86_64 | 0.2.3 | 87.00 | OK | |||
r-oldrel-windows-x86_64 | 0.2.3 | 14.00 | 115.00 | 129.00 | OK |
Version: 0.2.3
Check: Rd cross-references
Result: NOTE
Found the following Rd file(s) with Rd \link{} targets missing package
anchors:
crsra_anonymize.Rd: digest
Please provide package anchors for all Rd \link{} targets not in the
package itself and the base packages.
Flavors: r-devel-linux-x86_64-debian-gcc, r-devel-windows-x86_64
Version: 0.2.3
Check: data for non-ASCII characters
Result: NOTE
Note: found 500 marked UTF-8 strings
Flavors: r-devel-linux-x86_64-fedora-clang, r-devel-linux-x86_64-fedora-gcc
These binaries (installable software) and packages are in development.
They may not be fully stable and should be used with caution. We make no claims about them.