Last updated on 2025-02-16 10:50:44 CET.
Flavor | Version | Tinstall | Tcheck | Ttotal | Status | Flags |
---|---|---|---|---|---|---|
r-devel-linux-x86_64-debian-clang | 0.4 | 40.89 | 273.03 | 313.92 | OK | |
r-devel-linux-x86_64-debian-gcc | 0.4 | 26.75 | 175.08 | 201.83 | OK | |
r-devel-linux-x86_64-fedora-clang | 0.4 | 503.04 | OK | |||
r-devel-linux-x86_64-fedora-gcc | 0.4 | 495.47 | OK | |||
r-devel-macos-arm64 | 0.4 | 114.00 | OK | |||
r-devel-macos-x86_64 | 0.4 | 231.00 | OK | |||
r-devel-windows-x86_64 | 0.4 | 41.00 | 215.00 | 256.00 | OK | |
r-patched-linux-x86_64 | 0.4 | 39.01 | 251.57 | 290.58 | OK | |
r-release-linux-x86_64 | 0.4 | 35.74 | 252.32 | 288.06 | OK | |
r-release-macos-arm64 | 0.4 | 110.00 | NOTE | |||
r-release-macos-x86_64 | 0.4 | 167.00 | NOTE | |||
r-release-windows-x86_64 | 0.4 | 39.00 | 208.00 | 247.00 | NOTE | |
r-oldrel-macos-arm64 | 0.4 | 125.00 | NOTE | |||
r-oldrel-macos-x86_64 | 0.4 | 198.00 | NOTE | |||
r-oldrel-windows-x86_64 | 0.4 | 52.00 | 311.00 | 363.00 | NOTE |
Version: 0.4
Check: installed package size
Result: NOTE
installed size is 6.8Mb
sub-directories of 1Mb or more:
data 6.7Mb
Flavors: r-release-macos-arm64, r-release-macos-x86_64, r-release-windows-x86_64, r-oldrel-macos-arm64, r-oldrel-macos-x86_64, r-oldrel-windows-x86_64
These binaries (installable software) and packages are in development.
They may not be fully stable and should be used with caution. We make no claims about them.