Last updated on 2024-07-27 15:50:14 CEST.
Flavor | Version | Tinstall | Tcheck | Ttotal | Status | Flags |
---|---|---|---|---|---|---|
r-devel-linux-x86_64-debian-clang | 0.4 | 46.90 | 344.46 | 391.36 | OK | |
r-devel-linux-x86_64-debian-gcc | 0.4 | OK | ||||
r-devel-linux-x86_64-fedora-clang | 0.4 | 516.27 | NOTE | |||
r-devel-linux-x86_64-fedora-gcc | 0.4 | 475.72 | OK | |||
r-devel-windows-x86_64 | 0.4 | 38.00 | 208.00 | 246.00 | NOTE | |
r-patched-linux-x86_64 | 0.4 | OK | ||||
r-release-linux-x86_64 | 0.4 | 32.31 | 334.88 | 367.19 | OK | |
r-release-macos-arm64 | 0.4 | 110.00 | NOTE | |||
r-release-macos-x86_64 | 0.4 | 167.00 | NOTE | |||
r-release-windows-x86_64 | 0.4 | 37.00 | 206.00 | 243.00 | NOTE | |
r-oldrel-macos-arm64 | 0.4 | 125.00 | NOTE | |||
r-oldrel-macos-x86_64 | 0.4 | 198.00 | NOTE | |||
r-oldrel-windows-x86_64 | 0.4 | 53.00 | 289.00 | 342.00 | NOTE |
Version: 0.4
Check: installed package size
Result: NOTE
installed size is 5.8Mb
sub-directories of 1Mb or more:
data 5.7Mb
Flavors: r-devel-linux-x86_64-fedora-clang, r-devel-windows-x86_64, r-release-macos-arm64, r-release-macos-x86_64, r-release-windows-x86_64, r-oldrel-macos-arm64, r-oldrel-macos-x86_64, r-oldrel-windows-x86_64
These binaries (installable software) and packages are in development.
They may not be fully stable and should be used with caution. We make no claims about them.