Last updated on 2025-05-08 04:52:02 CEST.
Flavor | Version | Tinstall | Tcheck | Ttotal | Status | Flags |
---|---|---|---|---|---|---|
r-devel-linux-x86_64-debian-clang | 0.4 | 40.50 | 284.09 | 324.59 | OK | |
r-devel-linux-x86_64-debian-gcc | 0.4 | 28.30 | 187.86 | 216.16 | OK | |
r-devel-linux-x86_64-fedora-clang | 0.4 | 547.62 | OK | |||
r-devel-linux-x86_64-fedora-gcc | 0.4 | 496.18 | OK | |||
r-devel-windows-x86_64 | 0.4 | 40.00 | 215.00 | 255.00 | OK | |
r-patched-linux-x86_64 | 0.4 | 40.10 | 265.89 | 305.99 | OK | |
r-release-linux-x86_64 | 0.4 | 41.40 | 266.89 | 308.29 | OK | |
r-release-macos-arm64 | 0.4 | 106.00 | OK | |||
r-release-macos-x86_64 | 0.4 | 231.00 | OK | |||
r-release-windows-x86_64 | 0.4 | 39.00 | 221.00 | 260.00 | OK | |
r-oldrel-macos-arm64 | 0.4 | 110.00 | NOTE | |||
r-oldrel-macos-x86_64 | 0.4 | 167.00 | NOTE | |||
r-oldrel-windows-x86_64 | 0.4 | 52.00 | 296.00 | 348.00 | NOTE |
Version: 0.4
Check: installed package size
Result: NOTE
installed size is 6.8Mb
sub-directories of 1Mb or more:
data 6.7Mb
Flavors: r-oldrel-macos-arm64, r-oldrel-macos-x86_64, r-oldrel-windows-x86_64
These binaries (installable software) and packages are in development.
They may not be fully stable and should be used with caution. We make no claims about them.