Last updated on 2025-07-26 07:50:19 CEST.
Flavor | Version | Tinstall | Tcheck | Ttotal | Status | Flags |
---|---|---|---|---|---|---|
r-devel-linux-x86_64-debian-clang | 0.4 | 40.88 | 284.90 | 325.78 | OK | |
r-devel-linux-x86_64-debian-gcc | 0.4 | 29.86 | 182.56 | 212.42 | OK | |
r-devel-linux-x86_64-fedora-clang | 0.4 | 521.98 | OK | |||
r-devel-linux-x86_64-fedora-gcc | 0.4 | 500.97 | OK | |||
r-devel-windows-x86_64 | 0.4 | 41.00 | 215.00 | 256.00 | OK | |
r-patched-linux-x86_64 | 0.4 | 42.76 | 268.06 | 310.82 | OK | |
r-release-linux-x86_64 | 0.4 | 39.61 | 266.24 | 305.85 | OK | |
r-release-macos-arm64 | 0.4 | 106.00 | OK | |||
r-release-macos-x86_64 | 0.4 | 231.00 | OK | |||
r-release-windows-x86_64 | 0.4 | 38.00 | 213.00 | 251.00 | OK | |
r-oldrel-macos-arm64 | 0.4 | 110.00 | NOTE | |||
r-oldrel-macos-x86_64 | 0.4 | 167.00 | NOTE | |||
r-oldrel-windows-x86_64 | 0.4 | 55.00 | 312.00 | 367.00 | NOTE |
Version: 0.4
Check: installed package size
Result: NOTE
installed size is 6.8Mb
sub-directories of 1Mb or more:
data 6.7Mb
Flavors: r-oldrel-macos-arm64, r-oldrel-macos-x86_64, r-oldrel-windows-x86_64
These binaries (installable software) and packages are in development.
They may not be fully stable and should be used with caution. We make no claims about them.