Last updated on 2025-10-23 23:49:26 CEST.
| Flavor | Version | Tinstall | Tcheck | Ttotal | Status | Flags |
|---|---|---|---|---|---|---|
| r-devel-linux-x86_64-debian-clang | 1.0 | 2.33 | 35.56 | 37.89 | OK | |
| r-devel-linux-x86_64-debian-gcc | 1.0 | 2.48 | 26.57 | 29.05 | NOTE | |
| r-devel-linux-x86_64-fedora-clang | 1.0 | 18.00 | 43.55 | 61.55 | OK | |
| r-devel-linux-x86_64-fedora-gcc | 1.0 | 54.05 | OK | |||
| r-devel-windows-x86_64 | 1.0 | 5.00 | 50.00 | 55.00 | OK | |
| r-patched-linux-x86_64 | 1.0 | 3.03 | 34.01 | 37.04 | OK | |
| r-release-linux-x86_64 | 1.0 | 3.08 | 34.03 | 37.11 | OK | |
| r-release-macos-arm64 | 1.0 | 2.00 | 20.00 | 22.00 | OK | |
| r-release-macos-x86_64 | 1.0 | 2.00 | 33.00 | 35.00 | OK | |
| r-release-windows-x86_64 | 1.0 | 4.00 | 51.00 | 55.00 | OK | |
| r-oldrel-macos-arm64 | 1.0 | 2.00 | 19.00 | 21.00 | OK | |
| r-oldrel-macos-x86_64 | 1.0 | 2.00 | 27.00 | 29.00 | OK | |
| r-oldrel-windows-x86_64 | 1.0 | 6.00 | 65.00 | 71.00 | OK |
Version: 1.0
Check: Rd files
Result: NOTE
checkRd: (-1) crwbmetareg-package.Rd:13-19: Only 3 columns allowed in this table (row 1 has 2)
checkRd: (-1) crwbmetareg-package.Rd:13-19: Only 3 columns allowed in this table (row 2 has 2)
checkRd: (-1) crwbmetareg-package.Rd:13-19: Only 3 columns allowed in this table (row 3 has 2)
checkRd: (-1) crwbmetareg-package.Rd:13-19: Only 3 columns allowed in this table (row 4 has 2)
checkRd: (-1) crwbmetareg-package.Rd:13-19: Only 3 columns allowed in this table (row 5 has 2)
Flavor: r-devel-linux-x86_64-debian-gcc
These binaries (installable software) and packages are in development.
They may not be fully stable and should be used with caution. We make no claims about them.