Last updated on 2025-10-25 11:48:29 CEST.
| Flavor | Version | Tinstall | Tcheck | Ttotal | Status | Flags |
|---|---|---|---|---|---|---|
| r-devel-linux-x86_64-debian-clang | 0.5.2 | 24.17 | 147.22 | 171.39 | OK | |
| r-devel-linux-x86_64-debian-gcc | 0.5.2 | 13.27 | 98.76 | 112.03 | OK | |
| r-devel-linux-x86_64-fedora-clang | 0.5.2 | 26.00 | 161.48 | 187.48 | OK | |
| r-devel-linux-x86_64-fedora-gcc | 0.5.2 | 48.00 | 213.52 | 261.52 | OK | |
| r-devel-windows-x86_64 | 0.5.2 | 24.00 | 148.00 | 172.00 | OK | |
| r-patched-linux-x86_64 | 0.5.2 | 23.62 | 135.66 | 159.28 | OK | |
| r-release-linux-x86_64 | 0.5.2 | 22.27 | 136.63 | 158.90 | OK | |
| r-release-macos-arm64 | 0.5.2 | 9.00 | 65.00 | 74.00 | OK | |
| r-release-macos-x86_64 | 0.5.2 | 16.00 | 118.00 | 134.00 | OK | |
| r-release-windows-x86_64 | 0.5.2 | 24.00 | 155.00 | 179.00 | OK | |
| r-oldrel-macos-arm64 | 0.5.1 | 9.00 | 57.00 | 66.00 | NOTE | |
| r-oldrel-macos-x86_64 | 0.5.1 | 15.00 | 94.00 | 109.00 | NOTE | |
| r-oldrel-windows-x86_64 | 0.5.1 | 33.00 | 177.00 | 210.00 | NOTE |
Version: 0.5.1
Check: Rd files
Result: NOTE
checkRd: (-1) calculate_cell_volume.Rd:16: Lost braces; missing escapes or markup?
16 | V A real number. The volume (in angstroms^3 or angstroms^{-3})
| ^
Flavors: r-oldrel-macos-arm64, r-oldrel-macos-x86_64, r-oldrel-windows-x86_64
These binaries (installable software) and packages are in development.
They may not be fully stable and should be used with caution. We make no claims about them.