CRAN Package Check Results for Package cry

Last updated on 2025-07-02 03:50:38 CEST.

Flavor Version Tinstall Tcheck Ttotal Status Flags
r-devel-linux-x86_64-debian-clang 0.5.2 24.04 140.15 164.19 OK
r-devel-linux-x86_64-debian-gcc 0.5.2 13.81 92.94 106.75 OK
r-devel-linux-x86_64-fedora-clang 0.5.2 270.27 OK
r-devel-linux-x86_64-fedora-gcc 0.5.2 244.20 OK
r-devel-windows-x86_64 0.5.2 25.00 144.00 169.00 OK
r-patched-linux-x86_64 OK
r-release-linux-x86_64 0.5.2 17.84 126.08 143.92 OK
r-release-macos-arm64 0.5.2 74.00 OK
r-release-macos-x86_64 0.5.2 134.00 OK
r-release-windows-x86_64 0.5.2 25.00 147.00 172.00 OK
r-oldrel-macos-arm64 0.5.1 66.00 NOTE
r-oldrel-macos-x86_64 0.5.1 109.00 NOTE
r-oldrel-windows-x86_64 0.5.1 33.00 177.00 210.00 NOTE

Check Details

Version: 0.5.1
Check: Rd files
Result: NOTE checkRd: (-1) calculate_cell_volume.Rd:16: Lost braces; missing escapes or markup? 16 | V A real number. The volume (in angstroms^3 or angstroms^{-3}) | ^ Flavors: r-oldrel-macos-arm64, r-oldrel-macos-x86_64, r-oldrel-windows-x86_64

These binaries (installable software) and packages are in development.
They may not be fully stable and should be used with caution. We make no claims about them.