CRAN Package Check Results for Package cryptoQuotes

Last updated on 2025-04-16 03:50:14 CEST.

Flavor Version Tinstall Tcheck Ttotal Status Flags
r-devel-linux-x86_64-debian-clang 1.3.2 8.55 102.39 110.94 OK
r-devel-linux-x86_64-debian-gcc 1.3.2 5.23 74.70 79.93 OK
r-devel-linux-x86_64-fedora-clang 1.3.2 175.75 OK
r-devel-linux-x86_64-fedora-gcc 1.3.2 192.77 OK
r-devel-windows-x86_64 1.3.2 11.00 127.00 138.00 OK
r-patched-linux-x86_64 1.3.2 10.10 97.11 107.21 OK
r-release-linux-x86_64 1.3.2 8.44 98.16 106.60 OK
r-release-macos-arm64 1.3.2 62.00 OK
r-release-macos-x86_64 1.3.2 102.00 OK
r-release-windows-x86_64 1.3.2 15.00 126.00 141.00 OK
r-oldrel-macos-arm64 1.3.2 70.00 NOTE
r-oldrel-macos-x86_64 1.3.2 103.00 NOTE
r-oldrel-windows-x86_64 1.3.2 14.00 159.00 173.00 NOTE

Check Details

Version: 1.3.2
Check: installed package size
Result: NOTE installed size is 13.1Mb sub-directories of 1Mb or more: doc 11.7Mb help 1.2Mb Flavors: r-oldrel-macos-arm64, r-oldrel-macos-x86_64, r-oldrel-windows-x86_64

These binaries (installable software) and packages are in development.
They may not be fully stable and should be used with caution. We make no claims about them.