CRAN Package Check Results for Package cryptoQuotes

Last updated on 2025-10-23 11:50:10 CEST.

Flavor Version Tinstall Tcheck Ttotal Status Flags
r-devel-linux-x86_64-debian-clang 1.3.3 10.41 125.67 136.08 OK
r-devel-linux-x86_64-debian-gcc 1.3.3 6.96 86.96 93.92 OK
r-devel-linux-x86_64-fedora-clang 1.3.3 12.00 143.47 155.47 OK
r-devel-linux-x86_64-fedora-gcc 1.3.3 20.00 183.28 203.28 OK
r-devel-windows-x86_64 1.3.3 13.00 138.00 151.00 OK
r-patched-linux-x86_64 1.3.3 12.27 115.25 127.52 OK
r-release-linux-x86_64 1.3.3 8.22 114.54 122.76 OK
r-release-macos-arm64 1.3.3 4.00 65.00 69.00 OK
r-release-macos-x86_64 1.3.3 10.00 130.00 140.00 OK
r-release-windows-x86_64 1.3.3 12.00 141.00 153.00 OK
r-oldrel-macos-arm64 1.3.3 5.00 70.00 75.00 NOTE
r-oldrel-macos-x86_64 1.3.3 9.00 158.00 167.00 NOTE
r-oldrel-windows-x86_64 1.3.3 17.00 184.00 201.00 NOTE

Check Details

Version: 1.3.3
Check: installed package size
Result: NOTE installed size is 12.4Mb sub-directories of 1Mb or more: doc 11.6Mb Flavors: r-oldrel-macos-arm64, r-oldrel-macos-x86_64, r-oldrel-windows-x86_64

These binaries (installable software) and packages are in development.
They may not be fully stable and should be used with caution. We make no claims about them.