CRAN Package Check Results for Package cryptoverse

Last updated on 2025-05-08 04:52:02 CEST.

Flavor Version Tinstall Tcheck Ttotal Status Flags
r-devel-linux-x86_64-debian-clang 0.1.0 1.84 16.52 18.36 NOTE
r-devel-linux-x86_64-debian-gcc 0.1.0 1.37 13.66 15.03 NOTE
r-devel-linux-x86_64-fedora-clang 0.1.0 28.68 OK
r-devel-linux-x86_64-fedora-gcc 0.1.0 27.08 OK
r-devel-windows-x86_64 0.1.0 3.00 34.00 37.00 OK
r-patched-linux-x86_64 0.1.0 1.76 15.60 17.36 OK
r-release-linux-x86_64 0.1.0 1.65 15.74 17.39 OK
r-release-macos-arm64 0.1.0 15.00 OK
r-release-macos-x86_64 0.1.0 21.00 OK
r-release-windows-x86_64 0.1.0 2.00 37.00 39.00 OK
r-oldrel-macos-arm64 0.1.0 14.00 OK
r-oldrel-macos-x86_64 0.1.0 20.00 OK
r-oldrel-windows-x86_64 0.1.0 4.00 33.00 37.00 OK

Check Details

Version: 0.1.0
Check: CRAN incoming feasibility
Result: NOTE Maintainer: ‘Vivian R. Steiger <viv.datascientist@gmail.com>’ No Authors@R field in DESCRIPTION. Please add one, modifying Authors@R: person(given = c("Vivian", "R."), family = "Steiger", role = c("aut", "cre"), email = "viv.datascientist@gmail.com") as necessary. Flavors: r-devel-linux-x86_64-debian-clang, r-devel-linux-x86_64-debian-gcc

These binaries (installable software) and packages are in development.
They may not be fully stable and should be used with caution. We make no claims about them.