Last updated on 2025-05-01 17:56:00 CEST.
Flavor | Version | Tinstall | Tcheck | Ttotal | Status | Flags |
---|---|---|---|---|---|---|
r-devel-linux-x86_64-debian-clang | 1.2-2.1 | 7.28 | 55.83 | 63.11 | NOTE | |
r-devel-linux-x86_64-debian-gcc | 1.2-2.1 | 5.51 | 44.20 | 49.71 | NOTE | |
r-devel-linux-x86_64-fedora-clang | 1.2-2.1 | 95.19 | OK | |||
r-devel-linux-x86_64-fedora-gcc | 1.2-2.1 | 91.55 | OK | |||
r-devel-windows-x86_64 | 1.2-2.1 | 7.00 | 71.00 | 78.00 | OK | |
r-patched-linux-x86_64 | 1.2-2.1 | 6.73 | 52.56 | 59.29 | OK | |
r-release-linux-x86_64 | OK | |||||
r-release-macos-arm64 | 1.2-2.1 | 32.00 | OK | |||
r-release-macos-x86_64 | 1.2-2.1 | 55.00 | OK | |||
r-release-windows-x86_64 | 1.2-2.1 | 10.00 | 73.00 | 83.00 | OK | |
r-oldrel-macos-arm64 | 1.2-2.1 | 31.00 | NOTE | |||
r-oldrel-macos-x86_64 | 1.2-2.1 | 45.00 | NOTE | |||
r-oldrel-windows-x86_64 | 1.2-2.1 | 10.00 | 80.00 | 90.00 | NOTE |
Version: 1.2-2.1
Check: CRAN incoming feasibility
Result: NOTE
Maintainer: ‘Alessandra R. Brazzale <alessandra.brazzale@unipd.it>’
No Authors@R field in DESCRIPTION.
Please add one, modifying
Authors@R: c(person(given = c("S", "original", "by", "Alessandra", "R.", "Brazzale.", "R", "port", "by", "Alessandra", "R.", "Brazzale"),
family = "<alessandra.brazzale@unipd.it>.",
role = "aut",
email = "alessandra.brazzale@unipd.it"),
person(given = c("Alessandra", "R."),
family = "Brazzale",
role = "cre",
email = "alessandra.brazzale@unipd.it"))
as necessary.
Problems when reading CITATION file:
It is recommended to use ‘given’ instead of ‘first’.
It is recommended to use ‘given’ instead of ‘middle’.
It is recommended to use ‘family’ instead of ‘last’.
Package CITATION file contains call(s) to old-style citEntry(). Please
use bibentry() instead.
Flavors: r-devel-linux-x86_64-debian-clang, r-devel-linux-x86_64-debian-gcc
Version: 1.2-2.1
Check: LazyData
Result: NOTE
'LazyData' is specified without a 'data' directory
Flavors: r-oldrel-macos-arm64, r-oldrel-macos-x86_64, r-oldrel-windows-x86_64
These binaries (installable software) and packages are in development.
They may not be fully stable and should be used with caution. We make no claims about them.