Last updated on 2025-05-01 12:49:25 CEST.
Flavor | Version | Tinstall | Tcheck | Ttotal | Status | Flags |
---|---|---|---|---|---|---|
r-devel-linux-x86_64-debian-clang | 0.3.0 | 6.04 | 111.70 | 117.74 | NOTE | |
r-devel-linux-x86_64-debian-gcc | 0.3.0 | 3.36 | 79.98 | 83.34 | OK | |
r-devel-linux-x86_64-fedora-clang | 0.3.0 | 184.43 | OK | |||
r-devel-linux-x86_64-fedora-gcc | 0.3.0 | 196.61 | OK | |||
r-devel-windows-x86_64 | 0.3.0 | 8.00 | 132.00 | 140.00 | OK | |
r-patched-linux-x86_64 | 0.3.0 | 5.92 | 105.30 | 111.22 | OK | |
r-release-linux-x86_64 | OK | |||||
r-release-macos-arm64 | 0.3.0 | 72.00 | OK | |||
r-release-macos-x86_64 | 0.3.0 | 120.00 | OK | |||
r-release-windows-x86_64 | 0.3.0 | 8.00 | 135.00 | 143.00 | OK | |
r-oldrel-macos-arm64 | 0.3.0 | 62.00 | OK | |||
r-oldrel-macos-x86_64 | 0.3.0 | 135.00 | OK | |||
r-oldrel-windows-x86_64 | 0.3.0 | 8.00 | 162.00 | 170.00 | OK |
Version: 0.3.0
Check: examples
Result: NOTE
Examples with CPU (user + system) or elapsed time > 5s
user system elapsed
symm_fit_ind_EM 9.507 0.035 12.604
symm_fit_ind_EM_noAssumption 9.336 0.013 12.197
symm_fit_cor_EM 6.105 0.085 9.132
symm_fit_cor_EM_noAssumption 5.959 0.005 8.617
symm_fit_cor_EM_fulllik 5.412 0.047 7.640
Flavor: r-devel-linux-x86_64-debian-clang
Version: 0.3.0
Check: examples
Result: NA
user system elapsed
symm_fit_ind_EM 5.942 0.095 6.593
symm_fit_ind_EM_noAssumption 5.957 0.066 6.637
OK
Flavor: r-devel-linux-x86_64-debian-gcc
These binaries (installable software) and packages are in development.
They may not be fully stable and should be used with caution. We make no claims about them.