Last updated on 2025-11-13 17:50:31 CET.
| Flavor | Version | Tinstall | Tcheck | Ttotal | Status | Flags |
|---|---|---|---|---|---|---|
| r-devel-linux-x86_64-debian-clang | 2025.8.21 | 6.25 | 75.70 | 81.95 | OK | |
| r-devel-linux-x86_64-debian-gcc | 2025.8.21 | 5.09 | 58.30 | 63.39 | OK | |
| r-devel-linux-x86_64-fedora-clang | 2025.8.21 | 11.00 | 107.70 | 118.70 | OK | |
| r-devel-linux-x86_64-fedora-gcc | 2025.8.21 | 12.00 | 118.85 | 130.85 | OK | |
| r-devel-windows-x86_64 | 2025.8.21 | 10.00 | 90.00 | 100.00 | OK | |
| r-patched-linux-x86_64 | 2025.8.21 | 6.08 | 70.60 | 76.68 | OK | |
| r-release-linux-x86_64 | 2025.8.21 | 6.16 | 70.46 | 76.62 | OK | |
| r-release-macos-arm64 | 2025.8.21 | 4.00 | 41.00 | 45.00 | OK | |
| r-release-macos-x86_64 | 2025.8.21 | 6.00 | 77.00 | 83.00 | OK | |
| r-release-windows-x86_64 | 2025.8.21 | 10.00 | 99.00 | 109.00 | OK | |
| r-oldrel-macos-arm64 | 2025.8.21 | 4.00 | 45.00 | 49.00 | NOTE | |
| r-oldrel-macos-x86_64 | 2025.8.21 | 9.00 | 96.00 | 105.00 | NOTE | |
| r-oldrel-windows-x86_64 | 2025.8.21 | 11.00 | 105.00 | 116.00 | NOTE |
Version: 2025.8.21
Check: installed package size
Result: NOTE
installed size is 6.5Mb
sub-directories of 1Mb or more:
data 4.6Mb
doc 1.7Mb
Flavors: r-oldrel-macos-arm64, r-oldrel-macos-x86_64, r-oldrel-windows-x86_64
These binaries (installable software) and packages are in development.
They may not be fully stable and should be used with caution. We make no claims about them.