Last updated on 2025-07-01 11:49:16 CEST.
Flavor | Version | Tinstall | Tcheck | Ttotal | Status | Flags |
---|---|---|---|---|---|---|
r-devel-linux-x86_64-debian-clang | 0.1.2 | 1.68 | 17.71 | 19.39 | NOTE | |
r-devel-linux-x86_64-debian-gcc | 0.1.2 | 1.38 | 15.17 | 16.55 | NOTE | |
r-devel-linux-x86_64-fedora-clang | 0.1.2 | 29.33 | OK | |||
r-devel-linux-x86_64-fedora-gcc | 0.1.2 | 28.05 | OK | |||
r-devel-windows-x86_64 | 0.1.2 | 4.00 | 39.00 | 43.00 | OK | |
r-patched-linux-x86_64 | OK | |||||
r-release-linux-x86_64 | 0.1.2 | 1.38 | 16.93 | 18.31 | OK | |
r-release-macos-arm64 | 0.1.2 | 15.00 | OK | |||
r-release-macos-x86_64 | 0.1.2 | 21.00 | OK | |||
r-release-windows-x86_64 | 0.1.2 | 2.00 | 41.00 | 43.00 | OK | |
r-oldrel-macos-arm64 | 0.1.2 | 14.00 | OK | |||
r-oldrel-macos-x86_64 | 0.1.2 | 20.00 | OK | |||
r-oldrel-windows-x86_64 | 0.1.2 | 2.00 | 36.00 | 38.00 | OK |
Version: 0.1.2
Check: CRAN incoming feasibility
Result: NOTE
Maintainer: ‘Junho Yang <junhoyang@stat.tamu.edu>’
No Authors@R field in DESCRIPTION.
Please add one, modifying
Authors@R: person(given = "Junho",
family = "Yang",
role = c("aut", "cre"),
email = "junhoyang@stat.tamu.edu")
as necessary.
Flavors: r-devel-linux-x86_64-debian-clang, r-devel-linux-x86_64-debian-gcc
These binaries (installable software) and packages are in development.
They may not be fully stable and should be used with caution. We make no claims about them.